{"id":48,"date":"2018-06-14T17:02:38","date_gmt":"2018-06-14T20:02:38","guid":{"rendered":"http:\/\/promoalge.com.br\/?product=import-placeholder-for-3568"},"modified":"2019-11-11T19:10:27","modified_gmt":"2019-11-11T22:10:27","slug":"bone-japones-bjp","status":"publish","type":"product","link":"https:\/\/promoalge.com.br\/?product=bone-japones-bjp","title":{"rendered":"Bon\u00e9 Japon\u00eas &#8211; BJP"},"content":{"rendered":"<p>Bon\u00e9 Promocional modelo Japon\u00eas,produzido em brim peletizado ou microfibra, regulador de tecido com fivela de metal, velcro ou plastico. Personaliza\u00e7\u00e3o em serigrafia ou bordado<\/p>\n","protected":false},"excerpt":{"rendered":"<p>Bon\u00e9 Promocional modelo Japon\u00eas,produzido em brim peletizado ou microfibra, regulador de tecido com fivela de metal, velcro ou plastico. Personaliza\u00e7\u00e3o em serigrafia ou bordado<\/p>\n","protected":false},"featured_media":4628,"template":"","meta":[],"product_brand":[],"product_cat":[93],"product_tag":[],"class_list":{"0":"post-48","1":"product","2":"type-product","3":"status-publish","4":"has-post-thumbnail","6":"product_cat-bones-viseiras","8":"first","9":"instock","10":"shipping-taxable","11":"product-type-simple"},"_links":{"self":[{"href":"https:\/\/promoalge.com.br\/index.php?rest_route=\/wp\/v2\/product\/48","targetHints":{"allow":["GET"]}}],"collection":[{"href":"https:\/\/promoalge.com.br\/index.php?rest_route=\/wp\/v2\/product"}],"about":[{"href":"https:\/\/promoalge.com.br\/index.php?rest_route=\/wp\/v2\/types\/product"}],"wp:featuredmedia":[{"embeddable":true,"href":"https:\/\/promoalge.com.br\/index.php?rest_route=\/wp\/v2\/media\/4628"}],"wp:attachment":[{"href":"https:\/\/promoalge.com.br\/index.php?rest_route=%2Fwp%2Fv2%2Fmedia&parent=48"}],"wp:term":[{"taxonomy":"product_brand","embeddable":true,"href":"https:\/\/promoalge.com.br\/index.php?rest_route=%2Fwp%2Fv2%2Fproduct_brand&post=48"},{"taxonomy":"product_cat","embeddable":true,"href":"https:\/\/promoalge.com.br\/index.php?rest_route=%2Fwp%2Fv2%2Fproduct_cat&post=48"},{"taxonomy":"product_tag","embeddable":true,"href":"https:\/\/promoalge.com.br\/index.php?rest_route=%2Fwp%2Fv2%2Fproduct_tag&post=48"}],"curies":[{"name":"wp","href":"https:\/\/api.w.org\/{rel}","templated":true}]}}