{"id":483,"date":"2018-06-14T17:18:44","date_gmt":"2018-06-14T20:18:44","guid":{"rendered":"http:\/\/promoalge.com.br\/?product=import-placeholder-for-4239"},"modified":"2018-06-14T17:27:19","modified_gmt":"2018-06-14T20:27:19","slug":"squeeze-700-ml-pr3217","status":"publish","type":"product","link":"https:\/\/promoalge.com.br\/?product=squeeze-700-ml-pr3217","title":{"rendered":"Squeeze 700 Ml &#8211; PR3217"},"content":{"rendered":"<div class=\"desc\">\n<p class=\"desc-sub\">Squeeze inox 700 ml com pintura metalizada, tampa pl\u00e1stica com al\u00e7a e bot\u00e3o. Basta pressionar para sair o bico do protetor. Medidas Altura: 2,4 cm x Largura: 9 cm. Grava\u00e7\u00e3o a laser ou serigrafia.<\/p>\n<\/div>\n","protected":false},"excerpt":{"rendered":"<p>Squeeze inox 700 ml com pintura metalizada, tampa pl\u00e1stica com al\u00e7a e bot\u00e3o. Basta pressionar para sair o bico do protetor. Medidas Altura: 2,4 cm x Largura: 9 cm. Grava\u00e7\u00e3o a laser ou serigrafia.<\/p>\n","protected":false},"featured_media":631,"template":"","meta":[],"product_brand":[],"product_cat":[237],"product_tag":[],"class_list":{"0":"post-483","1":"product","2":"type-product","3":"status-publish","4":"has-post-thumbnail","6":"product_cat-metalicas","8":"first","9":"instock","10":"shipping-taxable","11":"product-type-simple"},"_links":{"self":[{"href":"https:\/\/promoalge.com.br\/index.php?rest_route=\/wp\/v2\/product\/483","targetHints":{"allow":["GET"]}}],"collection":[{"href":"https:\/\/promoalge.com.br\/index.php?rest_route=\/wp\/v2\/product"}],"about":[{"href":"https:\/\/promoalge.com.br\/index.php?rest_route=\/wp\/v2\/types\/product"}],"wp:featuredmedia":[{"embeddable":true,"href":"https:\/\/promoalge.com.br\/index.php?rest_route=\/wp\/v2\/media\/631"}],"wp:attachment":[{"href":"https:\/\/promoalge.com.br\/index.php?rest_route=%2Fwp%2Fv2%2Fmedia&parent=483"}],"wp:term":[{"taxonomy":"product_brand","embeddable":true,"href":"https:\/\/promoalge.com.br\/index.php?rest_route=%2Fwp%2Fv2%2Fproduct_brand&post=483"},{"taxonomy":"product_cat","embeddable":true,"href":"https:\/\/promoalge.com.br\/index.php?rest_route=%2Fwp%2Fv2%2Fproduct_cat&post=483"},{"taxonomy":"product_tag","embeddable":true,"href":"https:\/\/promoalge.com.br\/index.php?rest_route=%2Fwp%2Fv2%2Fproduct_tag&post=483"}],"curies":[{"name":"wp","href":"https:\/\/api.w.org\/{rel}","templated":true}]}}