{"id":4839,"date":"2020-02-12T15:16:53","date_gmt":"2020-02-12T18:16:53","guid":{"rendered":"http:\/\/promoalge.com.br\/?post_type=product&#038;p=4839"},"modified":"2026-03-31T17:22:02","modified_gmt":"2026-03-31T20:22:02","slug":"garrafa-termica-750-ml-pr18518","status":"publish","type":"product","link":"https:\/\/promoalge.com.br\/?product=garrafa-termica-750-ml-pr18518","title":{"rendered":"Garrafa T\u00e9rmica 750 ml &#8211; PR18518"},"content":{"rendered":"","protected":false},"excerpt":{"rendered":"<p>Garrafa t\u00e9rmica 750 ml em inox de alta qualidade. Possui tampa rosque\u00e1vel com detalhe superior em relevo, pode ser utilizada com l\u00edquidos quentes ou frios. Observa\u00e7\u00e3o: n\u00e3o colocar no fog\u00e3o ou micro-ondas, medidas Altura : 30,3 cm x Largura : 7,9 cm. Grava\u00e7\u00e3o a laser.<\/p>\n","protected":false},"featured_media":12554,"template":"","meta":[],"product_brand":[],"product_cat":[237],"product_tag":[],"class_list":{"0":"post-4839","1":"product","2":"type-product","3":"status-publish","4":"has-post-thumbnail","6":"product_cat-metalicas","8":"first","9":"instock","10":"shipping-taxable","11":"product-type-simple"},"_links":{"self":[{"href":"https:\/\/promoalge.com.br\/index.php?rest_route=\/wp\/v2\/product\/4839","targetHints":{"allow":["GET"]}}],"collection":[{"href":"https:\/\/promoalge.com.br\/index.php?rest_route=\/wp\/v2\/product"}],"about":[{"href":"https:\/\/promoalge.com.br\/index.php?rest_route=\/wp\/v2\/types\/product"}],"wp:featuredmedia":[{"embeddable":true,"href":"https:\/\/promoalge.com.br\/index.php?rest_route=\/wp\/v2\/media\/12554"}],"wp:attachment":[{"href":"https:\/\/promoalge.com.br\/index.php?rest_route=%2Fwp%2Fv2%2Fmedia&parent=4839"}],"wp:term":[{"taxonomy":"product_brand","embeddable":true,"href":"https:\/\/promoalge.com.br\/index.php?rest_route=%2Fwp%2Fv2%2Fproduct_brand&post=4839"},{"taxonomy":"product_cat","embeddable":true,"href":"https:\/\/promoalge.com.br\/index.php?rest_route=%2Fwp%2Fv2%2Fproduct_cat&post=4839"},{"taxonomy":"product_tag","embeddable":true,"href":"https:\/\/promoalge.com.br\/index.php?rest_route=%2Fwp%2Fv2%2Fproduct_tag&post=4839"}],"curies":[{"name":"wp","href":"https:\/\/api.w.org\/{rel}","templated":true}]}}