{"id":4908,"date":"2020-03-06T10:11:03","date_gmt":"2020-03-06T13:11:03","guid":{"rendered":"http:\/\/promoalge.com.br\/?post_type=product&#038;p=4908"},"modified":"2020-03-06T10:11:04","modified_gmt":"2020-03-06T13:11:04","slug":"bateria-portatil-8-000-mah-pr97384","status":"publish","type":"product","link":"https:\/\/promoalge.com.br\/?product=bateria-portatil-8-000-mah-pr97384","title":{"rendered":"Bateria Port\u00e1til 8.000 maH &#8211; PR97384"},"content":{"rendered":"","protected":false},"excerpt":{"rendered":"<p>Bateria port\u00e1til. em alum\u00ednio, possui bateria de l\u00edtio, capacidade: 8.000 mAh.  Incluso cabo USB\/micro USB para carregar a bateria, medidas 90 x 77 x 22 mm. Grava\u00e7\u00e3o a laser.<\/p>\n","protected":false},"featured_media":4909,"template":"","meta":[],"product_brand":[],"product_cat":[417],"product_tag":[],"class_list":{"0":"post-4908","1":"product","2":"type-product","3":"status-publish","4":"has-post-thumbnail","6":"product_cat-pendrive-tecnologia","8":"first","9":"instock","10":"shipping-taxable","11":"product-type-simple"},"_links":{"self":[{"href":"https:\/\/promoalge.com.br\/index.php?rest_route=\/wp\/v2\/product\/4908","targetHints":{"allow":["GET"]}}],"collection":[{"href":"https:\/\/promoalge.com.br\/index.php?rest_route=\/wp\/v2\/product"}],"about":[{"href":"https:\/\/promoalge.com.br\/index.php?rest_route=\/wp\/v2\/types\/product"}],"wp:featuredmedia":[{"embeddable":true,"href":"https:\/\/promoalge.com.br\/index.php?rest_route=\/wp\/v2\/media\/4909"}],"wp:attachment":[{"href":"https:\/\/promoalge.com.br\/index.php?rest_route=%2Fwp%2Fv2%2Fmedia&parent=4908"}],"wp:term":[{"taxonomy":"product_brand","embeddable":true,"href":"https:\/\/promoalge.com.br\/index.php?rest_route=%2Fwp%2Fv2%2Fproduct_brand&post=4908"},{"taxonomy":"product_cat","embeddable":true,"href":"https:\/\/promoalge.com.br\/index.php?rest_route=%2Fwp%2Fv2%2Fproduct_cat&post=4908"},{"taxonomy":"product_tag","embeddable":true,"href":"https:\/\/promoalge.com.br\/index.php?rest_route=%2Fwp%2Fv2%2Fproduct_tag&post=4908"}],"curies":[{"name":"wp","href":"https:\/\/api.w.org\/{rel}","templated":true}]}}