{"id":5001,"date":"2020-03-23T18:20:36","date_gmt":"2020-03-23T21:20:36","guid":{"rendered":"http:\/\/promoalge.com.br\/?post_type=product&#038;p=5001"},"modified":"2020-03-23T18:20:36","modified_gmt":"2020-03-23T21:20:36","slug":"porta-cracha-retratil-fy001","status":"publish","type":"product","link":"https:\/\/promoalge.com.br\/?product=porta-cracha-retratil-fy001","title":{"rendered":"Porta Crach\u00e1 Retr\u00e1til &#8211; FY001"},"content":{"rendered":"","protected":false},"excerpt":{"rendered":"<p>Porta crach\u00e1 retr\u00e1til de pl\u00e1stico resistente.Cord\u00e3o com 63,5 cm. Tamanho total (C x C):3,2  cm x 10,0 cm. Impress\u00e3o em ate 4 cores. <\/p>\n","protected":false},"featured_media":5004,"template":"","meta":[],"product_brand":[],"product_cat":[353],"product_tag":[],"class_list":{"0":"post-5001","1":"product","2":"type-product","3":"status-publish","4":"has-post-thumbnail","6":"product_cat-diversos","8":"first","9":"instock","10":"shipping-taxable","11":"product-type-simple"},"_links":{"self":[{"href":"https:\/\/promoalge.com.br\/index.php?rest_route=\/wp\/v2\/product\/5001","targetHints":{"allow":["GET"]}}],"collection":[{"href":"https:\/\/promoalge.com.br\/index.php?rest_route=\/wp\/v2\/product"}],"about":[{"href":"https:\/\/promoalge.com.br\/index.php?rest_route=\/wp\/v2\/types\/product"}],"wp:featuredmedia":[{"embeddable":true,"href":"https:\/\/promoalge.com.br\/index.php?rest_route=\/wp\/v2\/media\/5004"}],"wp:attachment":[{"href":"https:\/\/promoalge.com.br\/index.php?rest_route=%2Fwp%2Fv2%2Fmedia&parent=5001"}],"wp:term":[{"taxonomy":"product_brand","embeddable":true,"href":"https:\/\/promoalge.com.br\/index.php?rest_route=%2Fwp%2Fv2%2Fproduct_brand&post=5001"},{"taxonomy":"product_cat","embeddable":true,"href":"https:\/\/promoalge.com.br\/index.php?rest_route=%2Fwp%2Fv2%2Fproduct_cat&post=5001"},{"taxonomy":"product_tag","embeddable":true,"href":"https:\/\/promoalge.com.br\/index.php?rest_route=%2Fwp%2Fv2%2Fproduct_tag&post=5001"}],"curies":[{"name":"wp","href":"https:\/\/api.w.org\/{rel}","templated":true}]}}