{"id":5284,"date":"2020-06-04T15:16:26","date_gmt":"2020-06-04T18:16:26","guid":{"rendered":"http:\/\/promoalge.com.br\/?post_type=product&#038;p=5284"},"modified":"2020-06-04T15:17:48","modified_gmt":"2020-06-04T18:17:48","slug":"kit-fitness-kitft10","status":"publish","type":"product","link":"https:\/\/promoalge.com.br\/?product=kit-fitness-kitft10","title":{"rendered":"Kit Fitness &#8211; KITFT10"},"content":{"rendered":"","protected":false},"excerpt":{"rendered":"<p>Kit Fitness incluso mochila sacola em nylon com cord\u00e3o, e squeeze dobravel capacidade 400 ml. Grava\u00e7\u00e3o serigrafia em 1 cor na mochila e squeeze.<\/p>\n","protected":false},"featured_media":5285,"template":"","meta":[],"product_brand":[],"product_cat":[353,407],"product_tag":[],"class_list":{"0":"post-5284","1":"product","2":"type-product","3":"status-publish","4":"has-post-thumbnail","6":"product_cat-diversos","7":"product_cat-conjuntos","9":"first","10":"instock","11":"shipping-taxable","12":"product-type-simple"},"_links":{"self":[{"href":"https:\/\/promoalge.com.br\/index.php?rest_route=\/wp\/v2\/product\/5284","targetHints":{"allow":["GET"]}}],"collection":[{"href":"https:\/\/promoalge.com.br\/index.php?rest_route=\/wp\/v2\/product"}],"about":[{"href":"https:\/\/promoalge.com.br\/index.php?rest_route=\/wp\/v2\/types\/product"}],"wp:featuredmedia":[{"embeddable":true,"href":"https:\/\/promoalge.com.br\/index.php?rest_route=\/wp\/v2\/media\/5285"}],"wp:attachment":[{"href":"https:\/\/promoalge.com.br\/index.php?rest_route=%2Fwp%2Fv2%2Fmedia&parent=5284"}],"wp:term":[{"taxonomy":"product_brand","embeddable":true,"href":"https:\/\/promoalge.com.br\/index.php?rest_route=%2Fwp%2Fv2%2Fproduct_brand&post=5284"},{"taxonomy":"product_cat","embeddable":true,"href":"https:\/\/promoalge.com.br\/index.php?rest_route=%2Fwp%2Fv2%2Fproduct_cat&post=5284"},{"taxonomy":"product_tag","embeddable":true,"href":"https:\/\/promoalge.com.br\/index.php?rest_route=%2Fwp%2Fv2%2Fproduct_tag&post=5284"}],"curies":[{"name":"wp","href":"https:\/\/api.w.org\/{rel}","templated":true}]}}