{"id":5408,"date":"2020-07-16T21:03:33","date_gmt":"2020-07-17T00:03:33","guid":{"rendered":"http:\/\/promoalge.com.br\/?post_type=product&#038;p=5408"},"modified":"2020-07-16T21:03:42","modified_gmt":"2020-07-17T00:03:42","slug":"kit-churrasco-pr3166","status":"publish","type":"product","link":"https:\/\/promoalge.com.br\/?product=kit-churrasco-pr3166","title":{"rendered":"Kit Churrasco &#8211; PR3166"},"content":{"rendered":"","protected":false},"excerpt":{"rendered":"<p>Kit churrasco com 5 pe\u00e7as em estojo de nylon com al\u00e7a. Possui: 2 jogos americanos, esp\u00e1tula, faca e garfo. Acompanha prote\u00e7\u00f5es pl\u00e1sticas e parte interna com el\u00e1stico para guardar as pe\u00e7as, Medidas : Altura :  26,4 cm x Largura :  9,5 cm. Grava\u00e7\u00e3o serigrafia em 1 cor no estojo e laser nos talheres.<\/p>\n","protected":false},"featured_media":5410,"template":"","meta":[],"product_brand":[],"product_cat":[412],"product_tag":[],"class_list":{"0":"post-5408","1":"product","2":"type-product","3":"status-publish","4":"has-post-thumbnail","6":"product_cat-kits-churrasco","8":"first","9":"instock","10":"shipping-taxable","11":"product-type-simple"},"_links":{"self":[{"href":"https:\/\/promoalge.com.br\/index.php?rest_route=\/wp\/v2\/product\/5408","targetHints":{"allow":["GET"]}}],"collection":[{"href":"https:\/\/promoalge.com.br\/index.php?rest_route=\/wp\/v2\/product"}],"about":[{"href":"https:\/\/promoalge.com.br\/index.php?rest_route=\/wp\/v2\/types\/product"}],"wp:featuredmedia":[{"embeddable":true,"href":"https:\/\/promoalge.com.br\/index.php?rest_route=\/wp\/v2\/media\/5410"}],"wp:attachment":[{"href":"https:\/\/promoalge.com.br\/index.php?rest_route=%2Fwp%2Fv2%2Fmedia&parent=5408"}],"wp:term":[{"taxonomy":"product_brand","embeddable":true,"href":"https:\/\/promoalge.com.br\/index.php?rest_route=%2Fwp%2Fv2%2Fproduct_brand&post=5408"},{"taxonomy":"product_cat","embeddable":true,"href":"https:\/\/promoalge.com.br\/index.php?rest_route=%2Fwp%2Fv2%2Fproduct_cat&post=5408"},{"taxonomy":"product_tag","embeddable":true,"href":"https:\/\/promoalge.com.br\/index.php?rest_route=%2Fwp%2Fv2%2Fproduct_tag&post=5408"}],"curies":[{"name":"wp","href":"https:\/\/api.w.org\/{rel}","templated":true}]}}