{"id":5425,"date":"2020-07-20T19:50:56","date_gmt":"2020-07-20T22:50:56","guid":{"rendered":"http:\/\/promoalge.com.br\/?post_type=product&#038;p=5425"},"modified":"2020-07-20T19:50:56","modified_gmt":"2020-07-20T22:50:56","slug":"kit-mochila-sacola-fone-de-ouvido-prkitmfp","status":"publish","type":"product","link":"https:\/\/promoalge.com.br\/?product=kit-mochila-sacola-fone-de-ouvido-prkitmfp","title":{"rendered":"Kit Mochila Sacola &#038; Fone de Ouvido &#8211; PRKITMFP"},"content":{"rendered":"","protected":false},"excerpt":{"rendered":"<p>Kit Incluso Mochila Sacola tipo mochila em nylon, Medidas 350 x 410 mm, Fone de ouvido est\u00e9reo com microfone e controle de volume. Fone de ouvido pl\u00e1stico na cor branca, entrada P2, possui indicativo L(left) e R(right) na \u00e1rea interna do fone, detalhes internos vazados no fone(possibilita a vis\u00e3o da tela de prote\u00e7\u00e3o), microfone acoplado no suporte com desenho indicativo e no verso do suporte controle de volume com desenho indicativo \u2013 e +.<\/p>\n<p>Personaliza\u00e7\u00e3o:<br \/>\nMochila e Fone &#8211; Serigrafia em 1 cor<\/p>\n","protected":false},"featured_media":5427,"template":"","meta":[],"product_brand":[],"product_cat":[353,407,417],"product_tag":[],"class_list":{"0":"post-5425","1":"product","2":"type-product","3":"status-publish","4":"has-post-thumbnail","6":"product_cat-diversos","7":"product_cat-conjuntos","8":"product_cat-pendrive-tecnologia","10":"first","11":"instock","12":"shipping-taxable","13":"product-type-simple"},"_links":{"self":[{"href":"https:\/\/promoalge.com.br\/index.php?rest_route=\/wp\/v2\/product\/5425","targetHints":{"allow":["GET"]}}],"collection":[{"href":"https:\/\/promoalge.com.br\/index.php?rest_route=\/wp\/v2\/product"}],"about":[{"href":"https:\/\/promoalge.com.br\/index.php?rest_route=\/wp\/v2\/types\/product"}],"wp:featuredmedia":[{"embeddable":true,"href":"https:\/\/promoalge.com.br\/index.php?rest_route=\/wp\/v2\/media\/5427"}],"wp:attachment":[{"href":"https:\/\/promoalge.com.br\/index.php?rest_route=%2Fwp%2Fv2%2Fmedia&parent=5425"}],"wp:term":[{"taxonomy":"product_brand","embeddable":true,"href":"https:\/\/promoalge.com.br\/index.php?rest_route=%2Fwp%2Fv2%2Fproduct_brand&post=5425"},{"taxonomy":"product_cat","embeddable":true,"href":"https:\/\/promoalge.com.br\/index.php?rest_route=%2Fwp%2Fv2%2Fproduct_cat&post=5425"},{"taxonomy":"product_tag","embeddable":true,"href":"https:\/\/promoalge.com.br\/index.php?rest_route=%2Fwp%2Fv2%2Fproduct_tag&post=5425"}],"curies":[{"name":"wp","href":"https:\/\/api.w.org\/{rel}","templated":true}]}}