{"id":5879,"date":"2020-09-19T15:31:25","date_gmt":"2020-09-19T18:31:25","guid":{"rendered":"http:\/\/promoalge.com.br\/?post_type=product&#038;p=5879"},"modified":"2020-09-19T15:31:25","modified_gmt":"2020-09-19T18:31:25","slug":"sacola-termica-dobravel-pr98423","status":"publish","type":"product","link":"https:\/\/promoalge.com.br\/?product=sacola-termica-dobravel-pr98423","title":{"rendered":"Sacola T\u00e9rmica Dobr\u00e1vel &#8211; PR98423"},"content":{"rendered":"","protected":false},"excerpt":{"rendered":"<p>Sacola t\u00e9rmica dobr\u00e1vel produzida em nylon 210D, possui al\u00e7as em webbing de 60 cm comprimento, capacidade at\u00e9 16 L, medidas 400 x 440 x 130 mm. Grava\u00e7\u00e3o serigrafia em 1 cor.<\/p>\n","protected":false},"featured_media":5880,"template":"","meta":[],"product_brand":[],"product_cat":[79,410,414],"product_tag":[],"class_list":{"0":"post-5879","1":"product","2":"type-product","3":"status-publish","4":"has-post-thumbnail","6":"product_cat-bolsas-mochilas","7":"product_cat-eventos-pastas-pvc","8":"product_cat-praia-verao","10":"first","11":"instock","12":"shipping-taxable","13":"product-type-simple"},"_links":{"self":[{"href":"https:\/\/promoalge.com.br\/index.php?rest_route=\/wp\/v2\/product\/5879","targetHints":{"allow":["GET"]}}],"collection":[{"href":"https:\/\/promoalge.com.br\/index.php?rest_route=\/wp\/v2\/product"}],"about":[{"href":"https:\/\/promoalge.com.br\/index.php?rest_route=\/wp\/v2\/types\/product"}],"wp:featuredmedia":[{"embeddable":true,"href":"https:\/\/promoalge.com.br\/index.php?rest_route=\/wp\/v2\/media\/5880"}],"wp:attachment":[{"href":"https:\/\/promoalge.com.br\/index.php?rest_route=%2Fwp%2Fv2%2Fmedia&parent=5879"}],"wp:term":[{"taxonomy":"product_brand","embeddable":true,"href":"https:\/\/promoalge.com.br\/index.php?rest_route=%2Fwp%2Fv2%2Fproduct_brand&post=5879"},{"taxonomy":"product_cat","embeddable":true,"href":"https:\/\/promoalge.com.br\/index.php?rest_route=%2Fwp%2Fv2%2Fproduct_cat&post=5879"},{"taxonomy":"product_tag","embeddable":true,"href":"https:\/\/promoalge.com.br\/index.php?rest_route=%2Fwp%2Fv2%2Fproduct_tag&post=5879"}],"curies":[{"name":"wp","href":"https:\/\/api.w.org\/{rel}","templated":true}]}}