{"id":6093,"date":"2020-10-15T09:52:56","date_gmt":"2020-10-15T12:52:56","guid":{"rendered":"http:\/\/promoalge.com.br\/?post_type=product&#038;p=6093"},"modified":"2020-10-15T09:52:57","modified_gmt":"2020-10-15T12:52:57","slug":"porta-notebook-pnn","status":"publish","type":"product","link":"https:\/\/promoalge.com.br\/?product=porta-notebook-pnn","title":{"rendered":"Porta Notebook &#8211; PNN"},"content":{"rendered":"","protected":false},"excerpt":{"rendered":"<p>Porta notebook produzido em neoprene, acabamento com vi\u00e9s e fechamento com z\u00edper, medidas 36 cm x 27 cm. Impress\u00e3o em policromia.<\/p>\n","protected":false},"featured_media":6100,"template":"","meta":[],"product_brand":[],"product_cat":[79,410],"product_tag":[],"class_list":{"0":"post-6093","1":"product","2":"type-product","3":"status-publish","4":"has-post-thumbnail","6":"product_cat-bolsas-mochilas","7":"product_cat-eventos-pastas-pvc","9":"first","10":"instock","11":"shipping-taxable","12":"product-type-simple"},"_links":{"self":[{"href":"https:\/\/promoalge.com.br\/index.php?rest_route=\/wp\/v2\/product\/6093","targetHints":{"allow":["GET"]}}],"collection":[{"href":"https:\/\/promoalge.com.br\/index.php?rest_route=\/wp\/v2\/product"}],"about":[{"href":"https:\/\/promoalge.com.br\/index.php?rest_route=\/wp\/v2\/types\/product"}],"wp:featuredmedia":[{"embeddable":true,"href":"https:\/\/promoalge.com.br\/index.php?rest_route=\/wp\/v2\/media\/6100"}],"wp:attachment":[{"href":"https:\/\/promoalge.com.br\/index.php?rest_route=%2Fwp%2Fv2%2Fmedia&parent=6093"}],"wp:term":[{"taxonomy":"product_brand","embeddable":true,"href":"https:\/\/promoalge.com.br\/index.php?rest_route=%2Fwp%2Fv2%2Fproduct_brand&post=6093"},{"taxonomy":"product_cat","embeddable":true,"href":"https:\/\/promoalge.com.br\/index.php?rest_route=%2Fwp%2Fv2%2Fproduct_cat&post=6093"},{"taxonomy":"product_tag","embeddable":true,"href":"https:\/\/promoalge.com.br\/index.php?rest_route=%2Fwp%2Fv2%2Fproduct_tag&post=6093"}],"curies":[{"name":"wp","href":"https:\/\/api.w.org\/{rel}","templated":true}]}}