{"id":6154,"date":"2020-10-28T16:48:18","date_gmt":"2020-10-28T19:48:18","guid":{"rendered":"http:\/\/promoalge.com.br\/?post_type=product&#038;p=6154"},"modified":"2025-08-12T16:54:25","modified_gmt":"2025-08-12T19:54:25","slug":"pochete-esportiva-pr18546","status":"publish","type":"product","link":"https:\/\/promoalge.com.br\/?product=pochete-esportiva-pr18546","title":{"rendered":"Pochete Esportiva &#8211; PR18546"},"content":{"rendered":"","protected":false},"excerpt":{"rendered":"<p>Pochete anti-furto esportiva. Confeccionada em lycra imperme\u00e1vel, a pochete possui um formato slim que permite a utiliza\u00e7\u00e3o por dentro da roupa sem causar volume, aumentando a possibilidade de n\u00e3o ter seus pertences furtados. Ideal para pr\u00e1ticas esportivas, a pochete possui sa\u00edda para fone de ouvido, cinta el\u00e1stica ajust\u00e1vel com fivelas, sa\u00eddas laterais para circula\u00e7\u00e3o de ar e contornos reflexivos.<br \/>\nMedidas:<br \/>\nAltura : 12 cm<br \/>\nComprimento : 32,5cm<\/p>\n<p>Grava\u00e7\u00e3o serigrafia em 1 cor.<\/p>\n","protected":false},"featured_media":6159,"template":"","meta":[],"product_brand":[],"product_cat":[79,353,417],"product_tag":[],"class_list":{"0":"post-6154","1":"product","2":"type-product","3":"status-publish","4":"has-post-thumbnail","6":"product_cat-bolsas-mochilas","7":"product_cat-diversos","8":"product_cat-pendrive-tecnologia","10":"first","11":"instock","12":"shipping-taxable","13":"product-type-simple"},"_links":{"self":[{"href":"https:\/\/promoalge.com.br\/index.php?rest_route=\/wp\/v2\/product\/6154","targetHints":{"allow":["GET"]}}],"collection":[{"href":"https:\/\/promoalge.com.br\/index.php?rest_route=\/wp\/v2\/product"}],"about":[{"href":"https:\/\/promoalge.com.br\/index.php?rest_route=\/wp\/v2\/types\/product"}],"wp:featuredmedia":[{"embeddable":true,"href":"https:\/\/promoalge.com.br\/index.php?rest_route=\/wp\/v2\/media\/6159"}],"wp:attachment":[{"href":"https:\/\/promoalge.com.br\/index.php?rest_route=%2Fwp%2Fv2%2Fmedia&parent=6154"}],"wp:term":[{"taxonomy":"product_brand","embeddable":true,"href":"https:\/\/promoalge.com.br\/index.php?rest_route=%2Fwp%2Fv2%2Fproduct_brand&post=6154"},{"taxonomy":"product_cat","embeddable":true,"href":"https:\/\/promoalge.com.br\/index.php?rest_route=%2Fwp%2Fv2%2Fproduct_cat&post=6154"},{"taxonomy":"product_tag","embeddable":true,"href":"https:\/\/promoalge.com.br\/index.php?rest_route=%2Fwp%2Fv2%2Fproduct_tag&post=6154"}],"curies":[{"name":"wp","href":"https:\/\/api.w.org\/{rel}","templated":true}]}}