{"id":6288,"date":"2021-01-15T10:14:50","date_gmt":"2021-01-15T13:14:50","guid":{"rendered":"http:\/\/promoalge.com.br\/?post_type=product&#038;p=6288"},"modified":"2021-01-15T10:14:50","modified_gmt":"2021-01-15T13:14:50","slug":"frasqueira-termica-necfq115","status":"publish","type":"product","link":"https:\/\/promoalge.com.br\/?product=frasqueira-termica-necfq115","title":{"rendered":"Frasqueira T\u00e9rmica &#8211; NECFQ115"},"content":{"rendered":"","protected":false},"excerpt":{"rendered":"<p>Frasqueira t\u00e9rmica produzida em OXFORD com 2 compartimentos, possui t\u00e9rmico na parte interna, al\u00e7a de 3 cm de largura, al\u00e7a de m\u00e3o e de ombro. Acabamento com vivo, vi\u00e9s e fechamento com z\u00edper. Grava\u00e7\u00e3o serigrafia em 1 cor.<\/p>\n<p>&nbsp;<\/p>\n<ul>\n<li>M\u00ednimo 50 Unidades.<\/li>\n<\/ul>\n","protected":false},"featured_media":6290,"template":"","meta":[],"product_brand":[],"product_cat":[416,414],"product_tag":[],"class_list":{"0":"post-6288","1":"product","2":"type-product","3":"status-publish","4":"has-post-thumbnail","6":"product_cat-necessaire","7":"product_cat-praia-verao","9":"first","10":"instock","11":"shipping-taxable","12":"product-type-simple"},"_links":{"self":[{"href":"https:\/\/promoalge.com.br\/index.php?rest_route=\/wp\/v2\/product\/6288","targetHints":{"allow":["GET"]}}],"collection":[{"href":"https:\/\/promoalge.com.br\/index.php?rest_route=\/wp\/v2\/product"}],"about":[{"href":"https:\/\/promoalge.com.br\/index.php?rest_route=\/wp\/v2\/types\/product"}],"wp:featuredmedia":[{"embeddable":true,"href":"https:\/\/promoalge.com.br\/index.php?rest_route=\/wp\/v2\/media\/6290"}],"wp:attachment":[{"href":"https:\/\/promoalge.com.br\/index.php?rest_route=%2Fwp%2Fv2%2Fmedia&parent=6288"}],"wp:term":[{"taxonomy":"product_brand","embeddable":true,"href":"https:\/\/promoalge.com.br\/index.php?rest_route=%2Fwp%2Fv2%2Fproduct_brand&post=6288"},{"taxonomy":"product_cat","embeddable":true,"href":"https:\/\/promoalge.com.br\/index.php?rest_route=%2Fwp%2Fv2%2Fproduct_cat&post=6288"},{"taxonomy":"product_tag","embeddable":true,"href":"https:\/\/promoalge.com.br\/index.php?rest_route=%2Fwp%2Fv2%2Fproduct_tag&post=6288"}],"curies":[{"name":"wp","href":"https:\/\/api.w.org\/{rel}","templated":true}]}}