{"id":6376,"date":"2021-02-12T11:43:59","date_gmt":"2021-02-12T14:43:59","guid":{"rendered":"http:\/\/promoalge.com.br\/?post_type=product&#038;p=6376"},"modified":"2021-02-12T11:43:59","modified_gmt":"2021-02-12T14:43:59","slug":"kit-queijo-vinho-kt90036","status":"publish","type":"product","link":"https:\/\/promoalge.com.br\/?product=kit-queijo-vinho-kt90036","title":{"rendered":"Kit Queijo &#038; Vinho &#8211; KT90036"},"content":{"rendered":"","protected":false},"excerpt":{"rendered":"<p>Kit para queijo e vinho vonta com t\u00e1bua redonda para queijo\/petisco e 4 espetinhos em bambu, duas ta\u00e7as para vinho em vidro e abridor em Metal, incluso caixa com ber\u00e7o para os itens. Grava\u00e7\u00e3o a laser nas ta\u00e7as, t\u00e1bua e serigrafia em 1 cor na caixa.<\/p>\n<ul>\n<li>M\u00ednimo 50 Unidades.<\/li>\n<\/ul>\n","protected":false},"featured_media":6377,"template":"","meta":[],"product_brand":[],"product_cat":[49],"product_tag":[],"class_list":{"0":"post-6376","1":"product","2":"type-product","3":"status-publish","4":"has-post-thumbnail","6":"product_cat-bar-queijo-vinhos","8":"first","9":"instock","10":"shipping-taxable","11":"product-type-simple"},"_links":{"self":[{"href":"https:\/\/promoalge.com.br\/index.php?rest_route=\/wp\/v2\/product\/6376","targetHints":{"allow":["GET"]}}],"collection":[{"href":"https:\/\/promoalge.com.br\/index.php?rest_route=\/wp\/v2\/product"}],"about":[{"href":"https:\/\/promoalge.com.br\/index.php?rest_route=\/wp\/v2\/types\/product"}],"wp:featuredmedia":[{"embeddable":true,"href":"https:\/\/promoalge.com.br\/index.php?rest_route=\/wp\/v2\/media\/6377"}],"wp:attachment":[{"href":"https:\/\/promoalge.com.br\/index.php?rest_route=%2Fwp%2Fv2%2Fmedia&parent=6376"}],"wp:term":[{"taxonomy":"product_brand","embeddable":true,"href":"https:\/\/promoalge.com.br\/index.php?rest_route=%2Fwp%2Fv2%2Fproduct_brand&post=6376"},{"taxonomy":"product_cat","embeddable":true,"href":"https:\/\/promoalge.com.br\/index.php?rest_route=%2Fwp%2Fv2%2Fproduct_cat&post=6376"},{"taxonomy":"product_tag","embeddable":true,"href":"https:\/\/promoalge.com.br\/index.php?rest_route=%2Fwp%2Fv2%2Fproduct_tag&post=6376"}],"curies":[{"name":"wp","href":"https:\/\/api.w.org\/{rel}","templated":true}]}}