{"id":6486,"date":"2021-03-29T22:20:04","date_gmt":"2021-03-30T01:20:04","guid":{"rendered":"http:\/\/promoalge.com.br\/?post_type=product&#038;p=6486"},"modified":"2021-03-29T22:20:05","modified_gmt":"2021-03-30T01:20:05","slug":"kit-churrasco-me21543","status":"publish","type":"product","link":"https:\/\/promoalge.com.br\/?product=kit-churrasco-me21543","title":{"rendered":"Kit Churrasco &#8211; ME21543"},"content":{"rendered":"","protected":false},"excerpt":{"rendered":"<p>Conjunto para Cozinha em Bambu\/A\u00e7o Inox., acompanha t\u00e1bua em Bambu com tr\u00eas furos, faca 8&#8221;, garfo, faca 5&#8243; para desossar e cutelo 6&#8243; em Bambu\/Inox. Incluso caixa em papel\u00e3o com ber\u00e7o para os itens. Incluso personaliza\u00e7\u00e3o em serigrafia na caixa e laser na l\u00e2mina das facas.<\/p>\n<ul>\n<li>M\u00ednimo 30 unidades.<\/li>\n<\/ul>\n","protected":false},"featured_media":6490,"template":"","meta":[],"product_brand":[],"product_cat":[412],"product_tag":[],"class_list":{"0":"post-6486","1":"product","2":"type-product","3":"status-publish","4":"has-post-thumbnail","6":"product_cat-kits-churrasco","8":"first","9":"instock","10":"shipping-taxable","11":"product-type-simple"},"_links":{"self":[{"href":"https:\/\/promoalge.com.br\/index.php?rest_route=\/wp\/v2\/product\/6486","targetHints":{"allow":["GET"]}}],"collection":[{"href":"https:\/\/promoalge.com.br\/index.php?rest_route=\/wp\/v2\/product"}],"about":[{"href":"https:\/\/promoalge.com.br\/index.php?rest_route=\/wp\/v2\/types\/product"}],"wp:featuredmedia":[{"embeddable":true,"href":"https:\/\/promoalge.com.br\/index.php?rest_route=\/wp\/v2\/media\/6490"}],"wp:attachment":[{"href":"https:\/\/promoalge.com.br\/index.php?rest_route=%2Fwp%2Fv2%2Fmedia&parent=6486"}],"wp:term":[{"taxonomy":"product_brand","embeddable":true,"href":"https:\/\/promoalge.com.br\/index.php?rest_route=%2Fwp%2Fv2%2Fproduct_brand&post=6486"},{"taxonomy":"product_cat","embeddable":true,"href":"https:\/\/promoalge.com.br\/index.php?rest_route=%2Fwp%2Fv2%2Fproduct_cat&post=6486"},{"taxonomy":"product_tag","embeddable":true,"href":"https:\/\/promoalge.com.br\/index.php?rest_route=%2Fwp%2Fv2%2Fproduct_tag&post=6486"}],"curies":[{"name":"wp","href":"https:\/\/api.w.org\/{rel}","templated":true}]}}