{"id":6499,"date":"2021-04-13T17:58:28","date_gmt":"2021-04-13T20:58:28","guid":{"rendered":"http:\/\/promoalge.com.br\/?post_type=product&#038;p=6499"},"modified":"2021-04-13T17:58:28","modified_gmt":"2021-04-13T20:58:28","slug":"saleiro-pimenteiro-pr93989","status":"publish","type":"product","link":"https:\/\/promoalge.com.br\/?product=saleiro-pimenteiro-pr93989","title":{"rendered":"Saleiro \/ Pimenteiro &#8211; PR93989"},"content":{"rendered":"","protected":false},"excerpt":{"rendered":"<p>Saleiro ou pimenteiro produzido em a\u00e7o inox, medidas \u00f827 x 153 mm. Grava\u00e7\u00e3o a laser.<\/p>\n<ul>\n<li>M\u00ednimo 50 pe\u00e7as.S<\/li>\n<\/ul>\n","protected":false},"featured_media":6500,"template":"","meta":[],"product_brand":[],"product_cat":[49,353],"product_tag":[],"class_list":{"0":"post-6499","1":"product","2":"type-product","3":"status-publish","4":"has-post-thumbnail","6":"product_cat-bar-queijo-vinhos","7":"product_cat-diversos","9":"first","10":"instock","11":"shipping-taxable","12":"product-type-simple"},"_links":{"self":[{"href":"https:\/\/promoalge.com.br\/index.php?rest_route=\/wp\/v2\/product\/6499","targetHints":{"allow":["GET"]}}],"collection":[{"href":"https:\/\/promoalge.com.br\/index.php?rest_route=\/wp\/v2\/product"}],"about":[{"href":"https:\/\/promoalge.com.br\/index.php?rest_route=\/wp\/v2\/types\/product"}],"wp:featuredmedia":[{"embeddable":true,"href":"https:\/\/promoalge.com.br\/index.php?rest_route=\/wp\/v2\/media\/6500"}],"wp:attachment":[{"href":"https:\/\/promoalge.com.br\/index.php?rest_route=%2Fwp%2Fv2%2Fmedia&parent=6499"}],"wp:term":[{"taxonomy":"product_brand","embeddable":true,"href":"https:\/\/promoalge.com.br\/index.php?rest_route=%2Fwp%2Fv2%2Fproduct_brand&post=6499"},{"taxonomy":"product_cat","embeddable":true,"href":"https:\/\/promoalge.com.br\/index.php?rest_route=%2Fwp%2Fv2%2Fproduct_cat&post=6499"},{"taxonomy":"product_tag","embeddable":true,"href":"https:\/\/promoalge.com.br\/index.php?rest_route=%2Fwp%2Fv2%2Fproduct_tag&post=6499"}],"curies":[{"name":"wp","href":"https:\/\/api.w.org\/{rel}","templated":true}]}}