{"id":6871,"date":"2021-05-11T17:25:39","date_gmt":"2021-05-11T20:25:39","guid":{"rendered":"http:\/\/promoalge.com.br\/?post_type=product&#038;p=6871"},"modified":"2021-05-11T17:25:40","modified_gmt":"2021-05-11T20:25:40","slug":"limpador-de-teclado-e-tela-pr10102","status":"publish","type":"product","link":"https:\/\/promoalge.com.br\/?product=limpador-de-teclado-e-tela-pr10102","title":{"rendered":"Limpador de Teclado e Tela &#8211; PR10102"},"content":{"rendered":"","protected":false},"excerpt":{"rendered":"<p>Limpador de teclado e tela de computador,cont\u00e9m tampas de prote\u00e7\u00e3o para as cerdas e a borracha de limpeza, material pl\u00e1stico resistente, medidas:6,5 cm x 7,5 cm. Gravacao serigrafia em 1 cor.<\/p>\n","protected":false},"featured_media":6873,"template":"","meta":[],"product_brand":[],"product_cat":[353,409],"product_tag":[],"class_list":{"0":"post-6871","1":"product","2":"type-product","3":"status-publish","4":"has-post-thumbnail","6":"product_cat-diversos","7":"product_cat-escritorio","9":"first","10":"instock","11":"shipping-taxable","12":"product-type-simple"},"_links":{"self":[{"href":"https:\/\/promoalge.com.br\/index.php?rest_route=\/wp\/v2\/product\/6871","targetHints":{"allow":["GET"]}}],"collection":[{"href":"https:\/\/promoalge.com.br\/index.php?rest_route=\/wp\/v2\/product"}],"about":[{"href":"https:\/\/promoalge.com.br\/index.php?rest_route=\/wp\/v2\/types\/product"}],"wp:featuredmedia":[{"embeddable":true,"href":"https:\/\/promoalge.com.br\/index.php?rest_route=\/wp\/v2\/media\/6873"}],"wp:attachment":[{"href":"https:\/\/promoalge.com.br\/index.php?rest_route=%2Fwp%2Fv2%2Fmedia&parent=6871"}],"wp:term":[{"taxonomy":"product_brand","embeddable":true,"href":"https:\/\/promoalge.com.br\/index.php?rest_route=%2Fwp%2Fv2%2Fproduct_brand&post=6871"},{"taxonomy":"product_cat","embeddable":true,"href":"https:\/\/promoalge.com.br\/index.php?rest_route=%2Fwp%2Fv2%2Fproduct_cat&post=6871"},{"taxonomy":"product_tag","embeddable":true,"href":"https:\/\/promoalge.com.br\/index.php?rest_route=%2Fwp%2Fv2%2Fproduct_tag&post=6871"}],"curies":[{"name":"wp","href":"https:\/\/api.w.org\/{rel}","templated":true}]}}