{"id":7044,"date":"2021-05-25T15:43:54","date_gmt":"2021-05-25T18:43:54","guid":{"rendered":"http:\/\/promoalge.com.br\/?post_type=product&#038;p=7044"},"modified":"2021-05-25T15:43:55","modified_gmt":"2021-05-25T18:43:55","slug":"porta-passaporte-pr13123","status":"publish","type":"product","link":"https:\/\/promoalge.com.br\/?product=porta-passaporte-pr13123","title":{"rendered":"Porta Passaporte &#8211; PR13123"},"content":{"rendered":"","protected":false},"excerpt":{"rendered":"<p>Porta passaporte Bidins em couro sint\u00e9tico, possui tr\u00eas compartimentos na lateral para cart\u00f5es, medidas 20,5 cm x 13,7 cm. Grava\u00e7\u00e3o baixo relevo.<\/p>\n<ul>\n<li>M\u00ednimo 100 unidades.<\/li>\n<\/ul>\n","protected":false},"featured_media":7046,"template":"","meta":[],"product_brand":[],"product_cat":[408,353],"product_tag":[],"class_list":{"0":"post-7044","1":"product","2":"type-product","3":"status-publish","4":"has-post-thumbnail","6":"product_cat-couro","7":"product_cat-diversos","9":"first","10":"instock","11":"shipping-taxable","12":"product-type-simple"},"_links":{"self":[{"href":"https:\/\/promoalge.com.br\/index.php?rest_route=\/wp\/v2\/product\/7044","targetHints":{"allow":["GET"]}}],"collection":[{"href":"https:\/\/promoalge.com.br\/index.php?rest_route=\/wp\/v2\/product"}],"about":[{"href":"https:\/\/promoalge.com.br\/index.php?rest_route=\/wp\/v2\/types\/product"}],"wp:featuredmedia":[{"embeddable":true,"href":"https:\/\/promoalge.com.br\/index.php?rest_route=\/wp\/v2\/media\/7046"}],"wp:attachment":[{"href":"https:\/\/promoalge.com.br\/index.php?rest_route=%2Fwp%2Fv2%2Fmedia&parent=7044"}],"wp:term":[{"taxonomy":"product_brand","embeddable":true,"href":"https:\/\/promoalge.com.br\/index.php?rest_route=%2Fwp%2Fv2%2Fproduct_brand&post=7044"},{"taxonomy":"product_cat","embeddable":true,"href":"https:\/\/promoalge.com.br\/index.php?rest_route=%2Fwp%2Fv2%2Fproduct_cat&post=7044"},{"taxonomy":"product_tag","embeddable":true,"href":"https:\/\/promoalge.com.br\/index.php?rest_route=%2Fwp%2Fv2%2Fproduct_tag&post=7044"}],"curies":[{"name":"wp","href":"https:\/\/api.w.org\/{rel}","templated":true}]}}