{"id":7068,"date":"2021-05-25T17:15:36","date_gmt":"2021-05-25T20:15:36","guid":{"rendered":"http:\/\/promoalge.com.br\/?post_type=product&#038;p=7068"},"modified":"2025-04-08T17:58:00","modified_gmt":"2025-04-08T20:58:00","slug":"kit-higiene-pessoal-6-pecas-pr18536","status":"publish","type":"product","link":"https:\/\/promoalge.com.br\/?product=kit-higiene-pessoal-6-pecas-pr18536","title":{"rendered":"Kit Higiene Pessoal 6 Pe\u00e7as &#8211; PR18536"},"content":{"rendered":"","protected":false},"excerpt":{"rendered":"<p>Kit viagem 6 pe\u00e7as em estojo ziplock. Cont\u00e9m frasco de 80ml com tampa spray; frasco de 80ml com tampa rosque\u00e1vel; frasco de 80 ml com tampa pump; 2 potes de 10ml com tampa rosque\u00e1vel e mini esp\u00e1tula fosca. Frascos pl\u00e1sticos acomodados em estojo em pvc com puxador pl\u00e1stico. Grava\u00e7\u00e3o serigrafia em 1 cor no estojo e adesivo nos frascos.<\/p>\n<p>Medidas:<\/p>\n<p>Altura : 16,5 cm<\/p>\n<p>Largura : 19,4 cm<\/p>\n<ul>\n<li>M\u00ednimo 200 unidades.<\/li>\n<\/ul>\n","protected":false},"featured_media":7074,"template":"","meta":[],"product_brand":[],"product_cat":[353,413,416],"product_tag":[],"class_list":{"0":"post-7068","1":"product","2":"type-product","3":"status-publish","4":"has-post-thumbnail","6":"product_cat-diversos","7":"product_cat-linha-feminina","8":"product_cat-necessaire","10":"first","11":"instock","12":"shipping-taxable","13":"product-type-simple"},"_links":{"self":[{"href":"https:\/\/promoalge.com.br\/index.php?rest_route=\/wp\/v2\/product\/7068","targetHints":{"allow":["GET"]}}],"collection":[{"href":"https:\/\/promoalge.com.br\/index.php?rest_route=\/wp\/v2\/product"}],"about":[{"href":"https:\/\/promoalge.com.br\/index.php?rest_route=\/wp\/v2\/types\/product"}],"wp:featuredmedia":[{"embeddable":true,"href":"https:\/\/promoalge.com.br\/index.php?rest_route=\/wp\/v2\/media\/7074"}],"wp:attachment":[{"href":"https:\/\/promoalge.com.br\/index.php?rest_route=%2Fwp%2Fv2%2Fmedia&parent=7068"}],"wp:term":[{"taxonomy":"product_brand","embeddable":true,"href":"https:\/\/promoalge.com.br\/index.php?rest_route=%2Fwp%2Fv2%2Fproduct_brand&post=7068"},{"taxonomy":"product_cat","embeddable":true,"href":"https:\/\/promoalge.com.br\/index.php?rest_route=%2Fwp%2Fv2%2Fproduct_cat&post=7068"},{"taxonomy":"product_tag","embeddable":true,"href":"https:\/\/promoalge.com.br\/index.php?rest_route=%2Fwp%2Fv2%2Fproduct_tag&post=7068"}],"curies":[{"name":"wp","href":"https:\/\/api.w.org\/{rel}","templated":true}]}}