{"id":7076,"date":"2021-05-25T17:32:28","date_gmt":"2021-05-25T20:32:28","guid":{"rendered":"http:\/\/promoalge.com.br\/?post_type=product&#038;p=7076"},"modified":"2021-05-25T17:32:29","modified_gmt":"2021-05-25T20:32:29","slug":"kit-ferramentas-21-pecas-pr14012","status":"publish","type":"product","link":"https:\/\/promoalge.com.br\/?product=kit-ferramentas-21-pecas-pr14012","title":{"rendered":"Kit Ferramentas 21 Pe\u00e7as &#8211; PR14012"},"content":{"rendered":"","protected":false},"excerpt":{"rendered":"<p>Kit ferramenta 21 pe\u00e7as em estojo formato garrafa de \u00f3leo, produzido em pl\u00e1stico resistente com detalhes em relevo(tampa faz apenas parte do design), possui duas travas para abertura e acompanha: estilete, chave canh\u00e3o, 4 extensores bocais(7MM, 8MM, 9MM e 10MM), 2 mini chaves de fenda e 2 mini chaves phillips e conjunto 10 pontas(4 chaves phillips, 2 chaves fenda, 3 chaves torx e um adaptador).<br \/>\nMedidas:<br \/>\nAltura 17,5 cm<br \/>\nLargura 12,5 cm<br \/>\nProfundidade 4,4 cm<\/p>\n<p>Grava\u00e7\u00e3o serigrafia em 1 cor.<\/p>\n<ul>\n<li>M\u00ednimo 50 pe\u00e7as.<\/li>\n<\/ul>\n","protected":false},"featured_media":7077,"template":"","meta":[],"product_brand":[],"product_cat":[411],"product_tag":[],"class_list":{"0":"post-7076","1":"product","2":"type-product","3":"status-publish","4":"has-post-thumbnail","6":"product_cat-ferramentas","8":"first","9":"instock","10":"shipping-taxable","11":"product-type-simple"},"_links":{"self":[{"href":"https:\/\/promoalge.com.br\/index.php?rest_route=\/wp\/v2\/product\/7076","targetHints":{"allow":["GET"]}}],"collection":[{"href":"https:\/\/promoalge.com.br\/index.php?rest_route=\/wp\/v2\/product"}],"about":[{"href":"https:\/\/promoalge.com.br\/index.php?rest_route=\/wp\/v2\/types\/product"}],"wp:featuredmedia":[{"embeddable":true,"href":"https:\/\/promoalge.com.br\/index.php?rest_route=\/wp\/v2\/media\/7077"}],"wp:attachment":[{"href":"https:\/\/promoalge.com.br\/index.php?rest_route=%2Fwp%2Fv2%2Fmedia&parent=7076"}],"wp:term":[{"taxonomy":"product_brand","embeddable":true,"href":"https:\/\/promoalge.com.br\/index.php?rest_route=%2Fwp%2Fv2%2Fproduct_brand&post=7076"},{"taxonomy":"product_cat","embeddable":true,"href":"https:\/\/promoalge.com.br\/index.php?rest_route=%2Fwp%2Fv2%2Fproduct_cat&post=7076"},{"taxonomy":"product_tag","embeddable":true,"href":"https:\/\/promoalge.com.br\/index.php?rest_route=%2Fwp%2Fv2%2Fproduct_tag&post=7076"}],"curies":[{"name":"wp","href":"https:\/\/api.w.org\/{rel}","templated":true}]}}