{"id":7092,"date":"2021-05-26T18:17:38","date_gmt":"2021-05-26T21:17:38","guid":{"rendered":"http:\/\/promoalge.com.br\/?post_type=product&#038;p=7092"},"modified":"2025-08-12T16:53:50","modified_gmt":"2025-08-12T19:53:50","slug":"kit-ferramentas-11-pecas-pr2095","status":"publish","type":"product","link":"https:\/\/promoalge.com.br\/?product=kit-ferramentas-11-pecas-pr2095","title":{"rendered":"Kit Ferramentas 11 Pe\u00e7as &#8211; PR2095"},"content":{"rendered":"","protected":false},"excerpt":{"rendered":"<p>Kit ferramenta 11 pe\u00e7as em estojo pl\u00e1stico. Maleta pl\u00e1stica com detalhe retangular no centro frontal e verso com o detalhe na lateral inferior, possui texturiza\u00e7\u00e3o no estojo e uma trava superior. Acompanha: conjunto de 5 chaves Allen, fita m\u00e9trica de 1 metro, chave teste, estilete, chave Philips, chave de fenda e alicate.<br \/>\nMedidas:<br \/>\nAltura : 14,2 cm<br \/>\nLargura : 20,2 cm<br \/>\nEspessura : 3,9 cm<\/p>\n<p>Personaliza\u00e7\u00e3o atrav\u00e9s de etiqueta no estojo.<\/p>\n","protected":false},"featured_media":7093,"template":"","meta":[],"product_brand":[],"product_cat":[411],"product_tag":[],"class_list":{"0":"post-7092","1":"product","2":"type-product","3":"status-publish","4":"has-post-thumbnail","6":"product_cat-ferramentas","8":"first","9":"instock","10":"shipping-taxable","11":"product-type-simple"},"_links":{"self":[{"href":"https:\/\/promoalge.com.br\/index.php?rest_route=\/wp\/v2\/product\/7092","targetHints":{"allow":["GET"]}}],"collection":[{"href":"https:\/\/promoalge.com.br\/index.php?rest_route=\/wp\/v2\/product"}],"about":[{"href":"https:\/\/promoalge.com.br\/index.php?rest_route=\/wp\/v2\/types\/product"}],"wp:featuredmedia":[{"embeddable":true,"href":"https:\/\/promoalge.com.br\/index.php?rest_route=\/wp\/v2\/media\/7093"}],"wp:attachment":[{"href":"https:\/\/promoalge.com.br\/index.php?rest_route=%2Fwp%2Fv2%2Fmedia&parent=7092"}],"wp:term":[{"taxonomy":"product_brand","embeddable":true,"href":"https:\/\/promoalge.com.br\/index.php?rest_route=%2Fwp%2Fv2%2Fproduct_brand&post=7092"},{"taxonomy":"product_cat","embeddable":true,"href":"https:\/\/promoalge.com.br\/index.php?rest_route=%2Fwp%2Fv2%2Fproduct_cat&post=7092"},{"taxonomy":"product_tag","embeddable":true,"href":"https:\/\/promoalge.com.br\/index.php?rest_route=%2Fwp%2Fv2%2Fproduct_tag&post=7092"}],"curies":[{"name":"wp","href":"https:\/\/api.w.org\/{rel}","templated":true}]}}