{"id":7354,"date":"2021-08-19T17:45:17","date_gmt":"2021-08-19T20:45:17","guid":{"rendered":"http:\/\/promoalge.com.br\/?post_type=product&#038;p=7354"},"modified":"2021-08-19T17:45:18","modified_gmt":"2021-08-19T20:45:18","slug":"bolsa-de-viagem-pr14575","status":"publish","type":"product","link":"https:\/\/promoalge.com.br\/?product=bolsa-de-viagem-pr14575","title":{"rendered":"Bolsa de Viagem &#8211; PR14575"},"content":{"rendered":"","protected":false},"excerpt":{"rendered":"<p>Bolsa de poli\u00e9ster imperme\u00e1vel com capacidade de 24 litros. Possui compartimento principal com revestimento espumado no fundo, bolso frontal longo e bolso lateral em tela. A bolsa cont\u00e9m al\u00e7as de nylon para m\u00e3os com suporte de velcro para unifica\u00e7\u00e3o das al\u00e7as e al\u00e7a transversal regul\u00e1vel.<br \/>\nMedidas:<br \/>\nComprimento: 45 cm;<br \/>\nAltura: 28 cm;<br \/>\nProfundidade: 19 cm;<\/p>\n<p>Grava\u00e7\u00e3o serigrafia em 1 cor.<\/p>\n<ul>\n<li>M\u00ednimo 50 unidades.<\/li>\n<\/ul>\n","protected":false},"featured_media":7355,"template":"","meta":[],"product_brand":[],"product_cat":[79],"product_tag":[],"class_list":{"0":"post-7354","1":"product","2":"type-product","3":"status-publish","4":"has-post-thumbnail","6":"product_cat-bolsas-mochilas","8":"first","9":"instock","10":"shipping-taxable","11":"product-type-simple"},"_links":{"self":[{"href":"https:\/\/promoalge.com.br\/index.php?rest_route=\/wp\/v2\/product\/7354","targetHints":{"allow":["GET"]}}],"collection":[{"href":"https:\/\/promoalge.com.br\/index.php?rest_route=\/wp\/v2\/product"}],"about":[{"href":"https:\/\/promoalge.com.br\/index.php?rest_route=\/wp\/v2\/types\/product"}],"wp:featuredmedia":[{"embeddable":true,"href":"https:\/\/promoalge.com.br\/index.php?rest_route=\/wp\/v2\/media\/7355"}],"wp:attachment":[{"href":"https:\/\/promoalge.com.br\/index.php?rest_route=%2Fwp%2Fv2%2Fmedia&parent=7354"}],"wp:term":[{"taxonomy":"product_brand","embeddable":true,"href":"https:\/\/promoalge.com.br\/index.php?rest_route=%2Fwp%2Fv2%2Fproduct_brand&post=7354"},{"taxonomy":"product_cat","embeddable":true,"href":"https:\/\/promoalge.com.br\/index.php?rest_route=%2Fwp%2Fv2%2Fproduct_cat&post=7354"},{"taxonomy":"product_tag","embeddable":true,"href":"https:\/\/promoalge.com.br\/index.php?rest_route=%2Fwp%2Fv2%2Fproduct_tag&post=7354"}],"curies":[{"name":"wp","href":"https:\/\/api.w.org\/{rel}","templated":true}]}}