{"id":7385,"date":"2021-09-09T17:39:16","date_gmt":"2021-09-09T20:39:16","guid":{"rendered":"http:\/\/promoalge.com.br\/?post_type=product&#038;p=7385"},"modified":"2021-09-09T17:39:17","modified_gmt":"2021-09-09T20:39:17","slug":"estojo-case-pr0126","status":"publish","type":"product","link":"https:\/\/promoalge.com.br\/?product=estojo-case-pr0126","title":{"rendered":"Estojo \/ Case &#8211; PR0126"},"content":{"rendered":"","protected":false},"excerpt":{"rendered":"<p>Estojo \/ case em sint\u00e9tico com z\u00edper, possui rede interna e el\u00e1stico de nylon.<br \/>\nMedidas:<br \/>\nEspessura : 3,5 cm<br \/>\nComrimento 13,5 cm<br \/>\nLargura 8,5 cm<\/p>\n<p>Grava\u00e7\u00e3o serigrafia em 1 cor.<\/p>\n","protected":false},"featured_media":7386,"template":"","meta":[],"product_brand":[],"product_cat":[353],"product_tag":[],"class_list":{"0":"post-7385","1":"product","2":"type-product","3":"status-publish","4":"has-post-thumbnail","6":"product_cat-diversos","8":"first","9":"instock","10":"shipping-taxable","11":"product-type-simple"},"_links":{"self":[{"href":"https:\/\/promoalge.com.br\/index.php?rest_route=\/wp\/v2\/product\/7385","targetHints":{"allow":["GET"]}}],"collection":[{"href":"https:\/\/promoalge.com.br\/index.php?rest_route=\/wp\/v2\/product"}],"about":[{"href":"https:\/\/promoalge.com.br\/index.php?rest_route=\/wp\/v2\/types\/product"}],"wp:featuredmedia":[{"embeddable":true,"href":"https:\/\/promoalge.com.br\/index.php?rest_route=\/wp\/v2\/media\/7386"}],"wp:attachment":[{"href":"https:\/\/promoalge.com.br\/index.php?rest_route=%2Fwp%2Fv2%2Fmedia&parent=7385"}],"wp:term":[{"taxonomy":"product_brand","embeddable":true,"href":"https:\/\/promoalge.com.br\/index.php?rest_route=%2Fwp%2Fv2%2Fproduct_brand&post=7385"},{"taxonomy":"product_cat","embeddable":true,"href":"https:\/\/promoalge.com.br\/index.php?rest_route=%2Fwp%2Fv2%2Fproduct_cat&post=7385"},{"taxonomy":"product_tag","embeddable":true,"href":"https:\/\/promoalge.com.br\/index.php?rest_route=%2Fwp%2Fv2%2Fproduct_tag&post=7385"}],"curies":[{"name":"wp","href":"https:\/\/api.w.org\/{rel}","templated":true}]}}