{"id":7499,"date":"2021-10-05T23:21:03","date_gmt":"2021-10-06T02:21:03","guid":{"rendered":"http:\/\/promoalge.com.br\/?post_type=product&#038;p=7499"},"modified":"2021-10-05T23:21:04","modified_gmt":"2021-10-06T02:21:04","slug":"desk-pad-com-carregamento-por-inducao-pr4061","status":"publish","type":"product","link":"https:\/\/promoalge.com.br\/?product=desk-pad-com-carregamento-por-inducao-pr4061","title":{"rendered":"Desk Pad com Carregamento por Indu\u00e7\u00e3o &#8211; PR4061"},"content":{"rendered":"","protected":false},"excerpt":{"rendered":"<p>Desk Pad com carregador por indu\u00e7\u00e3o. O Produto pode ser colocado sobre a mesa com espa\u00e7o suficiente para seu mouse e teclado, ainda oferecendo uma esta\u00e7\u00e3o de carregamento wireless em sua parte lateral. O produto acompanha cabo USB e manual de instru\u00e7\u00f5es.<\/p>\n<p>Medidas:<br \/>\nAltura : 30 cm;<br \/>\nLargura : 80 cm;<\/p>\n<p>Caracter\u00edsticas:<br \/>\nMaterial: Borracha e Pl\u00e1stico;<\/p>\n<p>Pot\u00eancia de entrada: 18W;<\/p>\n<p>Voltagem de entrada: 9V\/1.67A ou 5V\/2A;<\/p>\n<p>Pot\u00eancia de sa\u00edda: 9V\/1.2A ou 5V\/1A;<\/p>\n<p>Grava\u00e7\u00e3o serigrafia em 1 cor.<\/p>\n<p>&nbsp;<\/p>\n<ul>\n<li>M\u00ednimo 50 unidades.<\/li>\n<\/ul>\n","protected":false},"featured_media":7500,"template":"","meta":[],"product_brand":[],"product_cat":[353,417],"product_tag":[],"class_list":{"0":"post-7499","1":"product","2":"type-product","3":"status-publish","4":"has-post-thumbnail","6":"product_cat-diversos","7":"product_cat-pendrive-tecnologia","9":"first","10":"instock","11":"shipping-taxable","12":"product-type-simple"},"_links":{"self":[{"href":"https:\/\/promoalge.com.br\/index.php?rest_route=\/wp\/v2\/product\/7499","targetHints":{"allow":["GET"]}}],"collection":[{"href":"https:\/\/promoalge.com.br\/index.php?rest_route=\/wp\/v2\/product"}],"about":[{"href":"https:\/\/promoalge.com.br\/index.php?rest_route=\/wp\/v2\/types\/product"}],"wp:featuredmedia":[{"embeddable":true,"href":"https:\/\/promoalge.com.br\/index.php?rest_route=\/wp\/v2\/media\/7500"}],"wp:attachment":[{"href":"https:\/\/promoalge.com.br\/index.php?rest_route=%2Fwp%2Fv2%2Fmedia&parent=7499"}],"wp:term":[{"taxonomy":"product_brand","embeddable":true,"href":"https:\/\/promoalge.com.br\/index.php?rest_route=%2Fwp%2Fv2%2Fproduct_brand&post=7499"},{"taxonomy":"product_cat","embeddable":true,"href":"https:\/\/promoalge.com.br\/index.php?rest_route=%2Fwp%2Fv2%2Fproduct_cat&post=7499"},{"taxonomy":"product_tag","embeddable":true,"href":"https:\/\/promoalge.com.br\/index.php?rest_route=%2Fwp%2Fv2%2Fproduct_tag&post=7499"}],"curies":[{"name":"wp","href":"https:\/\/api.w.org\/{rel}","templated":true}]}}