{"id":7556,"date":"2022-01-12T12:31:03","date_gmt":"2022-01-12T15:31:03","guid":{"rendered":"http:\/\/promoalge.com.br\/?post_type=product&#038;p=7556"},"modified":"2022-09-19T15:05:44","modified_gmt":"2022-09-19T18:05:44","slug":"7556","status":"publish","type":"product","link":"https:\/\/promoalge.com.br\/?product=7556","title":{"rendered":"Copo Retr\u00e1til &#8211; PR18578"},"content":{"rendered":"","protected":false},"excerpt":{"rendered":"<p>Copo retr\u00e1til com capacidade de 150ml, livre de bpa. Cont\u00e9m tampa de encaixe com acesso para chaveiro.<\/p>\n<p>Medidas:<br \/>\nAltura: 7,1 cm<br \/>\nLargura: 7,9 cm<br \/>\nCircunfer\u00eancia: 23,3 cm<br \/>\nEspessura: 2,4 cm<\/p>\n<p>Grava\u00e7\u00e3o serigrafia em 1 cor na tampa.<\/p>\n<ul>\n<li>M\u00ednimo 100 unidades.<\/li>\n<\/ul>\n","protected":false},"featured_media":7557,"template":"","meta":[],"product_brand":[],"product_cat":[251],"product_tag":[],"class_list":{"0":"post-7556","1":"product","2":"type-product","3":"status-publish","4":"has-post-thumbnail","6":"product_cat-plastica-canecas-copos-garrafas","8":"first","9":"instock","10":"shipping-taxable","11":"product-type-simple"},"_links":{"self":[{"href":"https:\/\/promoalge.com.br\/index.php?rest_route=\/wp\/v2\/product\/7556","targetHints":{"allow":["GET"]}}],"collection":[{"href":"https:\/\/promoalge.com.br\/index.php?rest_route=\/wp\/v2\/product"}],"about":[{"href":"https:\/\/promoalge.com.br\/index.php?rest_route=\/wp\/v2\/types\/product"}],"wp:featuredmedia":[{"embeddable":true,"href":"https:\/\/promoalge.com.br\/index.php?rest_route=\/wp\/v2\/media\/7557"}],"wp:attachment":[{"href":"https:\/\/promoalge.com.br\/index.php?rest_route=%2Fwp%2Fv2%2Fmedia&parent=7556"}],"wp:term":[{"taxonomy":"product_brand","embeddable":true,"href":"https:\/\/promoalge.com.br\/index.php?rest_route=%2Fwp%2Fv2%2Fproduct_brand&post=7556"},{"taxonomy":"product_cat","embeddable":true,"href":"https:\/\/promoalge.com.br\/index.php?rest_route=%2Fwp%2Fv2%2Fproduct_cat&post=7556"},{"taxonomy":"product_tag","embeddable":true,"href":"https:\/\/promoalge.com.br\/index.php?rest_route=%2Fwp%2Fv2%2Fproduct_tag&post=7556"}],"curies":[{"name":"wp","href":"https:\/\/api.w.org\/{rel}","templated":true}]}}