{"id":7584,"date":"2022-02-01T16:53:54","date_gmt":"2022-02-01T19:53:54","guid":{"rendered":"http:\/\/promoalge.com.br\/?post_type=product&#038;p=7584"},"modified":"2025-08-12T16:53:22","modified_gmt":"2025-08-12T19:53:22","slug":"kit-caneca-porcelana-mini-coador-kitcpmc","status":"publish","type":"product","link":"https:\/\/promoalge.com.br\/?product=kit-caneca-porcelana-mini-coador-kitcpmc","title":{"rendered":"Kit Caneca Porcelana + Mini Coador &#8211; KITCPMC"},"content":{"rendered":"","protected":false},"excerpt":{"rendered":"<p>Kit incluso caneca porcelana 300 ml cor branca, mini coador de caf\u00e9 de pano, suporte em metal.<\/p>\n<p>* Personaliza\u00e7\u00e3o atrav\u00e9s de sublima\u00e7\u00e3o na caneca de porcelana em policromia.<\/p>\n<p>Embalados individualmente em sacola pl\u00e1stica transparente.<\/p>\n<ul>\n<li>M\u00ednimo 50 unidades.<\/li>\n<\/ul>\n","protected":false},"featured_media":7589,"template":"","meta":[],"product_brand":[],"product_cat":[353,418],"product_tag":[],"class_list":{"0":"post-7584","1":"product","2":"type-product","3":"status-publish","4":"has-post-thumbnail","6":"product_cat-diversos","7":"product_cat-porcelana-e-vidros","9":"first","10":"instock","11":"shipping-taxable","12":"product-type-simple"},"_links":{"self":[{"href":"https:\/\/promoalge.com.br\/index.php?rest_route=\/wp\/v2\/product\/7584","targetHints":{"allow":["GET"]}}],"collection":[{"href":"https:\/\/promoalge.com.br\/index.php?rest_route=\/wp\/v2\/product"}],"about":[{"href":"https:\/\/promoalge.com.br\/index.php?rest_route=\/wp\/v2\/types\/product"}],"wp:featuredmedia":[{"embeddable":true,"href":"https:\/\/promoalge.com.br\/index.php?rest_route=\/wp\/v2\/media\/7589"}],"wp:attachment":[{"href":"https:\/\/promoalge.com.br\/index.php?rest_route=%2Fwp%2Fv2%2Fmedia&parent=7584"}],"wp:term":[{"taxonomy":"product_brand","embeddable":true,"href":"https:\/\/promoalge.com.br\/index.php?rest_route=%2Fwp%2Fv2%2Fproduct_brand&post=7584"},{"taxonomy":"product_cat","embeddable":true,"href":"https:\/\/promoalge.com.br\/index.php?rest_route=%2Fwp%2Fv2%2Fproduct_cat&post=7584"},{"taxonomy":"product_tag","embeddable":true,"href":"https:\/\/promoalge.com.br\/index.php?rest_route=%2Fwp%2Fv2%2Fproduct_tag&post=7584"}],"curies":[{"name":"wp","href":"https:\/\/api.w.org\/{rel}","templated":true}]}}