{"id":7599,"date":"2022-02-08T13:00:14","date_gmt":"2022-02-08T16:00:14","guid":{"rendered":"http:\/\/promoalge.com.br\/?post_type=product&#038;p=7599"},"modified":"2022-02-08T13:00:15","modified_gmt":"2022-02-08T16:00:15","slug":"kit-churrasco-pr14564","status":"publish","type":"product","link":"https:\/\/promoalge.com.br\/?product=kit-churrasco-pr14564","title":{"rendered":"Kit Churrasco &#8211; PR14564"},"content":{"rendered":"","protected":false},"excerpt":{"rendered":"<p>Kit churrasco duas pe\u00e7as em estojo de papel kraft com el\u00e1sticos de nylon para fixa\u00e7\u00e3o dos talheres, cont\u00e9m faca e garfo com cabo em madeira e l\u00e2mina em inox.<br \/>\nMedidas:<br \/>\n*Estojo (C x L x E): 32,5 cm x 11,7 cm x 3,1 cm;<br \/>\n*Faca (C x L): 29,9 cm x 3,8 cm;<br \/>\n*Garfo (C x L): 28,5 cm x 2,3 cm<\/p>\n<p>Grava\u00e7\u00e3o a laser na l\u00e2mina da faca.<\/p>\n","protected":false},"featured_media":7600,"template":"","meta":[],"product_brand":[],"product_cat":[412],"product_tag":[],"class_list":{"0":"post-7599","1":"product","2":"type-product","3":"status-publish","4":"has-post-thumbnail","6":"product_cat-kits-churrasco","8":"first","9":"instock","10":"shipping-taxable","11":"product-type-simple"},"_links":{"self":[{"href":"https:\/\/promoalge.com.br\/index.php?rest_route=\/wp\/v2\/product\/7599","targetHints":{"allow":["GET"]}}],"collection":[{"href":"https:\/\/promoalge.com.br\/index.php?rest_route=\/wp\/v2\/product"}],"about":[{"href":"https:\/\/promoalge.com.br\/index.php?rest_route=\/wp\/v2\/types\/product"}],"wp:featuredmedia":[{"embeddable":true,"href":"https:\/\/promoalge.com.br\/index.php?rest_route=\/wp\/v2\/media\/7600"}],"wp:attachment":[{"href":"https:\/\/promoalge.com.br\/index.php?rest_route=%2Fwp%2Fv2%2Fmedia&parent=7599"}],"wp:term":[{"taxonomy":"product_brand","embeddable":true,"href":"https:\/\/promoalge.com.br\/index.php?rest_route=%2Fwp%2Fv2%2Fproduct_brand&post=7599"},{"taxonomy":"product_cat","embeddable":true,"href":"https:\/\/promoalge.com.br\/index.php?rest_route=%2Fwp%2Fv2%2Fproduct_cat&post=7599"},{"taxonomy":"product_tag","embeddable":true,"href":"https:\/\/promoalge.com.br\/index.php?rest_route=%2Fwp%2Fv2%2Fproduct_tag&post=7599"}],"curies":[{"name":"wp","href":"https:\/\/api.w.org\/{rel}","templated":true}]}}