{"id":760,"date":"2018-06-19T14:52:59","date_gmt":"2018-06-19T17:52:59","guid":{"rendered":"http:\/\/promoalge.com.br\/?post_type=product&#038;p=760"},"modified":"2020-03-24T22:13:42","modified_gmt":"2020-03-25T01:13:42","slug":"kit-churrasco-2-pecas-com-tabua-pr3328","status":"publish","type":"product","link":"https:\/\/promoalge.com.br\/?product=kit-churrasco-2-pecas-com-tabua-pr3328","title":{"rendered":"Kit Churrasco 2 Pe\u00e7as com T\u00e1bua &#8211; PR3328"},"content":{"rendered":"","protected":false},"excerpt":{"rendered":"<p>Kit churrasco 2 pe\u00e7as com t\u00e1bua de madeira em estojo de nylon com al\u00e7a. Possui t\u00e1bua de madeira, garfo e faca. Acompanha prote\u00e7\u00f5es pl\u00e1sticas e parte interna com el\u00e1stico para fixar as pe\u00e7as. Grava\u00e7\u00e3o serigrafia em 1 cor no estojo, e laser na lamina da faca.<\/p>\n","protected":false},"featured_media":5042,"template":"","meta":[],"product_brand":[],"product_cat":[412],"product_tag":[],"class_list":{"0":"post-760","1":"product","2":"type-product","3":"status-publish","4":"has-post-thumbnail","6":"product_cat-kits-churrasco","8":"first","9":"instock","10":"shipping-taxable","11":"product-type-simple"},"_links":{"self":[{"href":"https:\/\/promoalge.com.br\/index.php?rest_route=\/wp\/v2\/product\/760","targetHints":{"allow":["GET"]}}],"collection":[{"href":"https:\/\/promoalge.com.br\/index.php?rest_route=\/wp\/v2\/product"}],"about":[{"href":"https:\/\/promoalge.com.br\/index.php?rest_route=\/wp\/v2\/types\/product"}],"wp:featuredmedia":[{"embeddable":true,"href":"https:\/\/promoalge.com.br\/index.php?rest_route=\/wp\/v2\/media\/5042"}],"wp:attachment":[{"href":"https:\/\/promoalge.com.br\/index.php?rest_route=%2Fwp%2Fv2%2Fmedia&parent=760"}],"wp:term":[{"taxonomy":"product_brand","embeddable":true,"href":"https:\/\/promoalge.com.br\/index.php?rest_route=%2Fwp%2Fv2%2Fproduct_brand&post=760"},{"taxonomy":"product_cat","embeddable":true,"href":"https:\/\/promoalge.com.br\/index.php?rest_route=%2Fwp%2Fv2%2Fproduct_cat&post=760"},{"taxonomy":"product_tag","embeddable":true,"href":"https:\/\/promoalge.com.br\/index.php?rest_route=%2Fwp%2Fv2%2Fproduct_tag&post=760"}],"curies":[{"name":"wp","href":"https:\/\/api.w.org\/{rel}","templated":true}]}}