{"id":7992,"date":"2022-06-09T17:51:01","date_gmt":"2022-06-09T20:51:01","guid":{"rendered":"http:\/\/promoalge.com.br\/?post_type=product&#038;p=7992"},"modified":"2022-06-09T17:51:02","modified_gmt":"2022-06-09T20:51:02","slug":"base-para-carregamento-por-inducao-pr4063","status":"publish","type":"product","link":"https:\/\/promoalge.com.br\/?product=base-para-carregamento-por-inducao-pr4063","title":{"rendered":"Base para Carregamento por Indu\u00e7\u00e3o &#8211; PR4063"},"content":{"rendered":"","protected":false},"excerpt":{"rendered":"<p>Base de carregamento 3 em 1 via indu\u00e7\u00e3o. Capaz de carregar simultaneamente celular, Iwatch e fones de ouvido atrav\u00e9s da tecnologia de indu\u00e7\u00e3o QI, a base cont\u00e9m frestas para auxilio da circula\u00e7\u00e3o de ar, acelerando o resfriamento e proporcionando uma dissipa\u00e7\u00e3o de calor ideal ao produto. Acompanha cabo USB tipo C.<\/p>\n<p>Altura : 13,1 cm<\/p>\n<p>Largura : 7,1 cm<\/p>\n<p>Grava\u00e7\u00e3o serigrafia em 1 cor.<\/p>\n<ul>\n<li>M\u00ednimo 30 unidades.<\/li>\n<\/ul>\n","protected":false},"featured_media":7994,"template":"","meta":[],"product_brand":[],"product_cat":[417],"product_tag":[],"class_list":{"0":"post-7992","1":"product","2":"type-product","3":"status-publish","4":"has-post-thumbnail","6":"product_cat-pendrive-tecnologia","8":"first","9":"instock","10":"shipping-taxable","11":"product-type-simple"},"_links":{"self":[{"href":"https:\/\/promoalge.com.br\/index.php?rest_route=\/wp\/v2\/product\/7992","targetHints":{"allow":["GET"]}}],"collection":[{"href":"https:\/\/promoalge.com.br\/index.php?rest_route=\/wp\/v2\/product"}],"about":[{"href":"https:\/\/promoalge.com.br\/index.php?rest_route=\/wp\/v2\/types\/product"}],"wp:featuredmedia":[{"embeddable":true,"href":"https:\/\/promoalge.com.br\/index.php?rest_route=\/wp\/v2\/media\/7994"}],"wp:attachment":[{"href":"https:\/\/promoalge.com.br\/index.php?rest_route=%2Fwp%2Fv2%2Fmedia&parent=7992"}],"wp:term":[{"taxonomy":"product_brand","embeddable":true,"href":"https:\/\/promoalge.com.br\/index.php?rest_route=%2Fwp%2Fv2%2Fproduct_brand&post=7992"},{"taxonomy":"product_cat","embeddable":true,"href":"https:\/\/promoalge.com.br\/index.php?rest_route=%2Fwp%2Fv2%2Fproduct_cat&post=7992"},{"taxonomy":"product_tag","embeddable":true,"href":"https:\/\/promoalge.com.br\/index.php?rest_route=%2Fwp%2Fv2%2Fproduct_tag&post=7992"}],"curies":[{"name":"wp","href":"https:\/\/api.w.org\/{rel}","templated":true}]}}