{"id":8155,"date":"2022-08-17T15:58:19","date_gmt":"2022-08-17T18:58:19","guid":{"rendered":"http:\/\/promoalge.com.br\/?post_type=product&#038;p=8155"},"modified":"2022-08-17T15:58:33","modified_gmt":"2022-08-17T18:58:33","slug":"mini-liquidificador-portatil-usb-300ml-pr3037","status":"publish","type":"product","link":"https:\/\/promoalge.com.br\/?product=mini-liquidificador-portatil-usb-300ml-pr3037","title":{"rendered":"Mini Liquidificador Port\u00e1til USB 300ml &#8211; PR3037"},"content":{"rendered":"","protected":false},"excerpt":{"rendered":"<p>Mini liquidificador smart com capacidade de 300ml. Cont\u00e9m tampa rosque\u00e1vel de polipropileno com al\u00e7a para transporte e bocal com trava de prote\u00e7\u00e3o, copo de policarbonato, ventoinha inox com 6 l\u00e2minas e base pl\u00e1stica com borrachas antiderrapantes. Base e tampa com sistema de veda\u00e7\u00e3o em silicone. Acompanha cabo USB.<\/p>\n<p>Altura : 22,9 cm<\/p>\n<p>Largura : 8,5 cm<\/p>\n<p>Circunfer\u00eancia : 20,9 cm<\/p>\n<p>Grava\u00e7\u00e3o serigrafia em 1 cor.<\/p>\n<ul>\n<li>M\u00ednimo 50 unidades.<\/li>\n<\/ul>\n","protected":false},"featured_media":8156,"template":"","meta":[],"product_brand":[],"product_cat":[49,251,353],"product_tag":[],"class_list":{"0":"post-8155","1":"product","2":"type-product","3":"status-publish","4":"has-post-thumbnail","6":"product_cat-bar-queijo-vinhos","7":"product_cat-plastica-canecas-copos-garrafas","8":"product_cat-diversos","10":"first","11":"instock","12":"shipping-taxable","13":"product-type-simple"},"_links":{"self":[{"href":"https:\/\/promoalge.com.br\/index.php?rest_route=\/wp\/v2\/product\/8155","targetHints":{"allow":["GET"]}}],"collection":[{"href":"https:\/\/promoalge.com.br\/index.php?rest_route=\/wp\/v2\/product"}],"about":[{"href":"https:\/\/promoalge.com.br\/index.php?rest_route=\/wp\/v2\/types\/product"}],"wp:featuredmedia":[{"embeddable":true,"href":"https:\/\/promoalge.com.br\/index.php?rest_route=\/wp\/v2\/media\/8156"}],"wp:attachment":[{"href":"https:\/\/promoalge.com.br\/index.php?rest_route=%2Fwp%2Fv2%2Fmedia&parent=8155"}],"wp:term":[{"taxonomy":"product_brand","embeddable":true,"href":"https:\/\/promoalge.com.br\/index.php?rest_route=%2Fwp%2Fv2%2Fproduct_brand&post=8155"},{"taxonomy":"product_cat","embeddable":true,"href":"https:\/\/promoalge.com.br\/index.php?rest_route=%2Fwp%2Fv2%2Fproduct_cat&post=8155"},{"taxonomy":"product_tag","embeddable":true,"href":"https:\/\/promoalge.com.br\/index.php?rest_route=%2Fwp%2Fv2%2Fproduct_tag&post=8155"}],"curies":[{"name":"wp","href":"https:\/\/api.w.org\/{rel}","templated":true}]}}