{"id":8452,"date":"2023-03-30T17:53:43","date_gmt":"2023-03-30T20:53:43","guid":{"rendered":"http:\/\/promoalge.com.br\/?post_type=product&#038;p=8452"},"modified":"2025-08-07T17:28:54","modified_gmt":"2025-08-07T20:28:54","slug":"kit-cafe-pr14628","status":"publish","type":"product","link":"https:\/\/promoalge.com.br\/?product=kit-cafe-pr14628","title":{"rendered":"Kit Caf\u00e9  &#8211; PR14628"},"content":{"rendered":"","protected":false},"excerpt":{"rendered":"<p>Kit Caf\u00e9 3 Pe\u00e7as cont\u00e9m: x\u00edcara de caf\u00e9 em metal, base de madeira com suporte para coador, e mini coador de caf\u00e9 em tecido.<\/p>\n<p>Altura :  17 cm<\/p>\n<p>Largura :  9 ,8 cm<\/p>\n<p>Grava\u00e7\u00e3o a laser na caneca.<\/p>\n<p>* M\u00ednimo 50 pe\u00e7as.<\/p>\n","protected":false},"featured_media":8453,"template":"","meta":[],"product_brand":[],"product_cat":[237,353],"product_tag":[],"class_list":{"0":"post-8452","1":"product","2":"type-product","3":"status-publish","4":"has-post-thumbnail","6":"product_cat-metalicas","7":"product_cat-diversos","9":"first","10":"instock","11":"shipping-taxable","12":"product-type-simple"},"_links":{"self":[{"href":"https:\/\/promoalge.com.br\/index.php?rest_route=\/wp\/v2\/product\/8452","targetHints":{"allow":["GET"]}}],"collection":[{"href":"https:\/\/promoalge.com.br\/index.php?rest_route=\/wp\/v2\/product"}],"about":[{"href":"https:\/\/promoalge.com.br\/index.php?rest_route=\/wp\/v2\/types\/product"}],"wp:featuredmedia":[{"embeddable":true,"href":"https:\/\/promoalge.com.br\/index.php?rest_route=\/wp\/v2\/media\/8453"}],"wp:attachment":[{"href":"https:\/\/promoalge.com.br\/index.php?rest_route=%2Fwp%2Fv2%2Fmedia&parent=8452"}],"wp:term":[{"taxonomy":"product_brand","embeddable":true,"href":"https:\/\/promoalge.com.br\/index.php?rest_route=%2Fwp%2Fv2%2Fproduct_brand&post=8452"},{"taxonomy":"product_cat","embeddable":true,"href":"https:\/\/promoalge.com.br\/index.php?rest_route=%2Fwp%2Fv2%2Fproduct_cat&post=8452"},{"taxonomy":"product_tag","embeddable":true,"href":"https:\/\/promoalge.com.br\/index.php?rest_route=%2Fwp%2Fv2%2Fproduct_tag&post=8452"}],"curies":[{"name":"wp","href":"https:\/\/api.w.org\/{rel}","templated":true}]}}