{"id":8676,"date":"2023-12-21T20:26:51","date_gmt":"2023-12-21T23:26:51","guid":{"rendered":"http:\/\/promoalge.com.br\/?post_type=product&#038;p=8676"},"modified":"2025-08-12T15:09:20","modified_gmt":"2025-08-12T18:09:20","slug":"kit-garrafa-termica-e-copos-pr18639kit","status":"publish","type":"product","link":"https:\/\/promoalge.com.br\/?product=kit-garrafa-termica-e-copos-pr18639kit","title":{"rendered":"Kit Garrafa T\u00e9rmica e Copos &#8211; PR18639KIT"},"content":{"rendered":"","protected":false},"excerpt":{"rendered":"<p>Kit garrafa t\u00e9rmica 450ml com duas tampas extras que podem ser utilizadas como x\u00edcaras. Garrafa produzida em inox com base antiderrapante e tampas de inox com revestimento pl\u00e1stico. Acompanha sacola de papel com ber\u00e7o de papel\u00e3o para acomoda\u00e7\u00e3o das pe\u00e7as.<\/p>\n<p>Altura :  23,3 cm<br \/>\nLargura :  9,8 cm<br \/>\nCircunfer\u00eancia :  21 cm<\/p>\n<p>Grava\u00e7\u00e3o a laser.<\/p>\n<p>* M\u00ednimo 50 unidades.<\/p>\n","protected":false},"featured_media":8682,"template":"","meta":[],"product_brand":[],"product_cat":[237,407],"product_tag":[],"class_list":{"0":"post-8676","1":"product","2":"type-product","3":"status-publish","4":"has-post-thumbnail","6":"product_cat-metalicas","7":"product_cat-conjuntos","9":"first","10":"instock","11":"shipping-taxable","12":"product-type-simple"},"_links":{"self":[{"href":"https:\/\/promoalge.com.br\/index.php?rest_route=\/wp\/v2\/product\/8676","targetHints":{"allow":["GET"]}}],"collection":[{"href":"https:\/\/promoalge.com.br\/index.php?rest_route=\/wp\/v2\/product"}],"about":[{"href":"https:\/\/promoalge.com.br\/index.php?rest_route=\/wp\/v2\/types\/product"}],"wp:featuredmedia":[{"embeddable":true,"href":"https:\/\/promoalge.com.br\/index.php?rest_route=\/wp\/v2\/media\/8682"}],"wp:attachment":[{"href":"https:\/\/promoalge.com.br\/index.php?rest_route=%2Fwp%2Fv2%2Fmedia&parent=8676"}],"wp:term":[{"taxonomy":"product_brand","embeddable":true,"href":"https:\/\/promoalge.com.br\/index.php?rest_route=%2Fwp%2Fv2%2Fproduct_brand&post=8676"},{"taxonomy":"product_cat","embeddable":true,"href":"https:\/\/promoalge.com.br\/index.php?rest_route=%2Fwp%2Fv2%2Fproduct_cat&post=8676"},{"taxonomy":"product_tag","embeddable":true,"href":"https:\/\/promoalge.com.br\/index.php?rest_route=%2Fwp%2Fv2%2Fproduct_tag&post=8676"}],"curies":[{"name":"wp","href":"https:\/\/api.w.org\/{rel}","templated":true}]}}