{"id":8879,"date":"2024-07-25T13:31:30","date_gmt":"2024-07-25T16:31:30","guid":{"rendered":"http:\/\/promoalge.com.br\/?post_type=product&#038;p=8879"},"modified":"2024-07-25T13:31:30","modified_gmt":"2024-07-25T16:31:30","slug":"bateria-portatil-10-000mah-com-inducao-pr5038","status":"publish","type":"product","link":"https:\/\/promoalge.com.br\/?product=bateria-portatil-10-000mah-com-inducao-pr5038","title":{"rendered":"Bateria Port\u00e1til 10.000mAh com Indu\u00e7\u00e3o &#8211; PR5038"},"content":{"rendered":"","protected":false},"excerpt":{"rendered":"<p>Carregador port\u00e1til pl\u00e1stico via indu\u00e7\u00e3o ou via cabo com 10.000mAh e indicador led de bateria. Com suporte inclin\u00e1vel para o carregamento via indu\u00e7\u00e3o, o power bank possui duas portas de sa\u00eddas USB, possibilitando o carregamento de dois dispositivos simultaneamente. Cont\u00e9m porta de entrada tipo-C, V8 e acompanha cabo USB.<br \/>\nMedidas:<br \/>\nLargura :  6,7 cm;<br \/>\nEspessura :  2 cm;<br \/>\nComprimento :  14,3 cm;<br \/>\nGrava\u00e7\u00e3o serigrafia em 1 cor.<\/p>\n<p>* M\u00ednimo 50 unidades.<\/p>\n","protected":false},"featured_media":8880,"template":"","meta":[],"product_brand":[],"product_cat":[417],"product_tag":[],"class_list":{"0":"post-8879","1":"product","2":"type-product","3":"status-publish","4":"has-post-thumbnail","6":"product_cat-pendrive-tecnologia","8":"first","9":"instock","10":"shipping-taxable","11":"product-type-simple"},"_links":{"self":[{"href":"https:\/\/promoalge.com.br\/index.php?rest_route=\/wp\/v2\/product\/8879","targetHints":{"allow":["GET"]}}],"collection":[{"href":"https:\/\/promoalge.com.br\/index.php?rest_route=\/wp\/v2\/product"}],"about":[{"href":"https:\/\/promoalge.com.br\/index.php?rest_route=\/wp\/v2\/types\/product"}],"wp:featuredmedia":[{"embeddable":true,"href":"https:\/\/promoalge.com.br\/index.php?rest_route=\/wp\/v2\/media\/8880"}],"wp:attachment":[{"href":"https:\/\/promoalge.com.br\/index.php?rest_route=%2Fwp%2Fv2%2Fmedia&parent=8879"}],"wp:term":[{"taxonomy":"product_brand","embeddable":true,"href":"https:\/\/promoalge.com.br\/index.php?rest_route=%2Fwp%2Fv2%2Fproduct_brand&post=8879"},{"taxonomy":"product_cat","embeddable":true,"href":"https:\/\/promoalge.com.br\/index.php?rest_route=%2Fwp%2Fv2%2Fproduct_cat&post=8879"},{"taxonomy":"product_tag","embeddable":true,"href":"https:\/\/promoalge.com.br\/index.php?rest_route=%2Fwp%2Fv2%2Fproduct_tag&post=8879"}],"curies":[{"name":"wp","href":"https:\/\/api.w.org\/{rel}","templated":true}]}}