{"id":8919,"date":"2024-08-31T21:36:48","date_gmt":"2024-09-01T00:36:48","guid":{"rendered":"https:\/\/promoalge.com.br\/?post_type=product&#038;p=8919"},"modified":"2024-08-31T21:37:10","modified_gmt":"2024-09-01T00:37:10","slug":"kit-para-anotacoes-com-caneta-pr7050","status":"publish","type":"product","link":"https:\/\/promoalge.com.br\/?product=kit-para-anotacoes-com-caneta-pr7050","title":{"rendered":"Kit para Anota\u00e7\u00f5es com Caneta &#8211; PR7050"},"content":{"rendered":"","protected":false},"excerpt":{"rendered":"<p>Kit para Anota\u00e7\u00f5es com Caneta e bloco com aproximadamente 112 folhas amarelas pautadas e feito em couro sint\u00e9tico, o kit vem acompanhado de uma caneta met\u00e1lica azul e um porta-caneta que tamb\u00e9m serve como fecho para o kit. Al\u00e9m disso, conta com um compartimento na parte de tr\u00e1s para cart\u00f5es ou documentos.<br \/>\nAltura :  17,8 cm<\/p>\n<p>Largura :  10 cm<\/p>\n<p>Espessura :  1,8 cm<\/p>\n<p>Grava\u00e7\u00e3o serigrafia no bloco e laser na caneta.<\/p>\n<p>* M\u00ednimo 50 unidades.<\/p>\n","protected":false},"featured_media":8920,"template":"","meta":[],"product_brand":[],"product_cat":[353,409],"product_tag":[],"class_list":{"0":"post-8919","1":"product","2":"type-product","3":"status-publish","4":"has-post-thumbnail","6":"product_cat-diversos","7":"product_cat-escritorio","9":"first","10":"instock","11":"shipping-taxable","12":"product-type-simple"},"_links":{"self":[{"href":"https:\/\/promoalge.com.br\/index.php?rest_route=\/wp\/v2\/product\/8919","targetHints":{"allow":["GET"]}}],"collection":[{"href":"https:\/\/promoalge.com.br\/index.php?rest_route=\/wp\/v2\/product"}],"about":[{"href":"https:\/\/promoalge.com.br\/index.php?rest_route=\/wp\/v2\/types\/product"}],"wp:featuredmedia":[{"embeddable":true,"href":"https:\/\/promoalge.com.br\/index.php?rest_route=\/wp\/v2\/media\/8920"}],"wp:attachment":[{"href":"https:\/\/promoalge.com.br\/index.php?rest_route=%2Fwp%2Fv2%2Fmedia&parent=8919"}],"wp:term":[{"taxonomy":"product_brand","embeddable":true,"href":"https:\/\/promoalge.com.br\/index.php?rest_route=%2Fwp%2Fv2%2Fproduct_brand&post=8919"},{"taxonomy":"product_cat","embeddable":true,"href":"https:\/\/promoalge.com.br\/index.php?rest_route=%2Fwp%2Fv2%2Fproduct_cat&post=8919"},{"taxonomy":"product_tag","embeddable":true,"href":"https:\/\/promoalge.com.br\/index.php?rest_route=%2Fwp%2Fv2%2Fproduct_tag&post=8919"}],"curies":[{"name":"wp","href":"https:\/\/api.w.org\/{rel}","templated":true}]}}