{"id":8976,"date":"2024-08-31T22:28:02","date_gmt":"2024-09-01T01:28:02","guid":{"rendered":"https:\/\/promoalge.com.br\/?post_type=product&#038;p=8976"},"modified":"2024-08-31T22:28:02","modified_gmt":"2024-09-01T01:28:02","slug":"base-de-carregamento-com-suporte-celular-e-luminaria-pr8000","status":"publish","type":"product","link":"https:\/\/promoalge.com.br\/?product=base-de-carregamento-com-suporte-celular-e-luminaria-pr8000","title":{"rendered":"Base de Carregamento com Suporte Celular e Lumin\u00e1ria &#8211; PR8000"},"content":{"rendered":"","protected":false},"excerpt":{"rendered":"<p>Base de carregamento com suporte retr\u00e1til para celular e lumin\u00e1ria integrada. Com op\u00e7\u00f5es de carregamento via indu\u00e7\u00e3o ou via cabo, nossa base \u00e9 pr\u00e1tica e funcional. Produzida em pl\u00e1stico com apoios antideslizantes, a base possui duas entradas Tipo-C, uma entrada USB e uma sa\u00edda Tipo-C. Acompanha um cabo USB Tipo-C. OBS.: A BASE APENAS TRANSFERE CARGA, ELA N\u00c3O POSSUI BATERIA PARA ARMAZENAMENTO (N\u00c3O \u00c9 UM POWER BANK).<\/p>\n<p>Altura :  26,2 cm<br \/>\nLargura :  12,2 cm<br \/>\nEspessura :  base: 2,6 cm<br \/>\nComprimento :  12 cm<\/p>\n<p>Grava\u00e7\u00e3o serigrafia em 1 cor<\/p>\n<p>* M\u00ednimo 50 unidades.<\/p>\n","protected":false},"featured_media":8979,"template":"","meta":[],"product_brand":[],"product_cat":[417],"product_tag":[],"class_list":{"0":"post-8976","1":"product","2":"type-product","3":"status-publish","4":"has-post-thumbnail","6":"product_cat-pendrive-tecnologia","8":"first","9":"instock","10":"shipping-taxable","11":"product-type-simple"},"_links":{"self":[{"href":"https:\/\/promoalge.com.br\/index.php?rest_route=\/wp\/v2\/product\/8976","targetHints":{"allow":["GET"]}}],"collection":[{"href":"https:\/\/promoalge.com.br\/index.php?rest_route=\/wp\/v2\/product"}],"about":[{"href":"https:\/\/promoalge.com.br\/index.php?rest_route=\/wp\/v2\/types\/product"}],"wp:featuredmedia":[{"embeddable":true,"href":"https:\/\/promoalge.com.br\/index.php?rest_route=\/wp\/v2\/media\/8979"}],"wp:attachment":[{"href":"https:\/\/promoalge.com.br\/index.php?rest_route=%2Fwp%2Fv2%2Fmedia&parent=8976"}],"wp:term":[{"taxonomy":"product_brand","embeddable":true,"href":"https:\/\/promoalge.com.br\/index.php?rest_route=%2Fwp%2Fv2%2Fproduct_brand&post=8976"},{"taxonomy":"product_cat","embeddable":true,"href":"https:\/\/promoalge.com.br\/index.php?rest_route=%2Fwp%2Fv2%2Fproduct_cat&post=8976"},{"taxonomy":"product_tag","embeddable":true,"href":"https:\/\/promoalge.com.br\/index.php?rest_route=%2Fwp%2Fv2%2Fproduct_tag&post=8976"}],"curies":[{"name":"wp","href":"https:\/\/api.w.org\/{rel}","templated":true}]}}