{"id":9014,"date":"2024-09-30T16:30:03","date_gmt":"2024-09-30T19:30:03","guid":{"rendered":"http:\/\/promoalge.com.br\/?post_type=product&#038;p=9014"},"modified":"2024-09-30T16:30:03","modified_gmt":"2024-09-30T19:30:03","slug":"garrafa-termica-12-litros-pr5063","status":"publish","type":"product","link":"https:\/\/promoalge.com.br\/?product=garrafa-termica-12-litros-pr5063","title":{"rendered":"Garrafa T\u00e9rmica 1,2 Litros &#8211; PR5063"},"content":{"rendered":"","protected":false},"excerpt":{"rendered":"<p>Garrafa t\u00e9rmica feita em inox com parede dupla livre de BPA, capacidade de 1,2 litros. Tampa com al\u00e7a para transporte e tampa de prote\u00e7\u00e3o para o bocal. Altura : 30 cm\/ Largura : 9,6 cm \/ Circunfer\u00eancia : 28,6 cm. Grava\u00e7\u00e3o a laser.<\/p>\n<p>* M\u00ednimo 50 unidades.<\/p>\n","protected":false},"featured_media":9015,"template":"","meta":[],"product_brand":[],"product_cat":[237],"product_tag":[],"class_list":{"0":"post-9014","1":"product","2":"type-product","3":"status-publish","4":"has-post-thumbnail","6":"product_cat-metalicas","8":"first","9":"instock","10":"shipping-taxable","11":"product-type-simple"},"_links":{"self":[{"href":"https:\/\/promoalge.com.br\/index.php?rest_route=\/wp\/v2\/product\/9014","targetHints":{"allow":["GET"]}}],"collection":[{"href":"https:\/\/promoalge.com.br\/index.php?rest_route=\/wp\/v2\/product"}],"about":[{"href":"https:\/\/promoalge.com.br\/index.php?rest_route=\/wp\/v2\/types\/product"}],"wp:featuredmedia":[{"embeddable":true,"href":"https:\/\/promoalge.com.br\/index.php?rest_route=\/wp\/v2\/media\/9015"}],"wp:attachment":[{"href":"https:\/\/promoalge.com.br\/index.php?rest_route=%2Fwp%2Fv2%2Fmedia&parent=9014"}],"wp:term":[{"taxonomy":"product_brand","embeddable":true,"href":"https:\/\/promoalge.com.br\/index.php?rest_route=%2Fwp%2Fv2%2Fproduct_brand&post=9014"},{"taxonomy":"product_cat","embeddable":true,"href":"https:\/\/promoalge.com.br\/index.php?rest_route=%2Fwp%2Fv2%2Fproduct_cat&post=9014"},{"taxonomy":"product_tag","embeddable":true,"href":"https:\/\/promoalge.com.br\/index.php?rest_route=%2Fwp%2Fv2%2Fproduct_tag&post=9014"}],"curies":[{"name":"wp","href":"https:\/\/api.w.org\/{rel}","templated":true}]}}