{"id":9050,"date":"2024-11-12T14:01:52","date_gmt":"2024-11-12T17:01:52","guid":{"rendered":"https:\/\/promoalge.com.br\/?post_type=product&#038;p=9050"},"modified":"2024-11-12T14:01:52","modified_gmt":"2024-11-12T17:01:52","slug":"sacola-de-juta-pr-18844","status":"publish","type":"product","link":"https:\/\/promoalge.com.br\/?product=sacola-de-juta-pr-18844","title":{"rendered":"Sacola de Juta &#8211; PR 18844"},"content":{"rendered":"","protected":false},"excerpt":{"rendered":"<p>Descri\u00e7\u00e3o: A op\u00e7\u00e3o em juta que voc\u00ea nem sabia que queria, mas vai adorar t\u00ea-la ao seu lado, aonde quer que v\u00e1! A nossa sacola ecol\u00f3gica possui al\u00e7as costuradas na parte externa. Seu design e suas cores fortes e marcantes combinam com tudo.<\/p>\n<p>Altura :  31 cm<\/p>\n<p>Largura :  36,2 cm<\/p>\n<p>Profundidade :  19,3 cm<\/p>\n<p>Comprimento :  Al\u00e7a: 22 cm <\/p>\n<p>minimo de 50 unidades<\/p>\n","protected":false},"featured_media":9051,"template":"","meta":[],"product_brand":[],"product_cat":[321,410],"product_tag":[],"class_list":{"0":"post-9050","1":"product","2":"type-product","3":"status-publish","4":"has-post-thumbnail","6":"product_cat-linha-ecologica","7":"product_cat-eventos-pastas-pvc","9":"first","10":"instock","11":"shipping-taxable","12":"product-type-simple"},"_links":{"self":[{"href":"https:\/\/promoalge.com.br\/index.php?rest_route=\/wp\/v2\/product\/9050","targetHints":{"allow":["GET"]}}],"collection":[{"href":"https:\/\/promoalge.com.br\/index.php?rest_route=\/wp\/v2\/product"}],"about":[{"href":"https:\/\/promoalge.com.br\/index.php?rest_route=\/wp\/v2\/types\/product"}],"wp:featuredmedia":[{"embeddable":true,"href":"https:\/\/promoalge.com.br\/index.php?rest_route=\/wp\/v2\/media\/9051"}],"wp:attachment":[{"href":"https:\/\/promoalge.com.br\/index.php?rest_route=%2Fwp%2Fv2%2Fmedia&parent=9050"}],"wp:term":[{"taxonomy":"product_brand","embeddable":true,"href":"https:\/\/promoalge.com.br\/index.php?rest_route=%2Fwp%2Fv2%2Fproduct_brand&post=9050"},{"taxonomy":"product_cat","embeddable":true,"href":"https:\/\/promoalge.com.br\/index.php?rest_route=%2Fwp%2Fv2%2Fproduct_cat&post=9050"},{"taxonomy":"product_tag","embeddable":true,"href":"https:\/\/promoalge.com.br\/index.php?rest_route=%2Fwp%2Fv2%2Fproduct_tag&post=9050"}],"curies":[{"name":"wp","href":"https:\/\/api.w.org\/{rel}","templated":true}]}}