{"id":9127,"date":"2024-11-12T15:41:48","date_gmt":"2024-11-12T18:41:48","guid":{"rendered":"https:\/\/promoalge.com.br\/?post_type=product&#038;p=9127"},"modified":"2024-11-13T20:23:33","modified_gmt":"2024-11-13T23:23:33","slug":"tabua-de-corte-de-bambu-94341","status":"publish","type":"product","link":"https:\/\/promoalge.com.br\/?product=tabua-de-corte-de-bambu-94341","title":{"rendered":"Tabua de corte de bambu &#8211; PR 94341"},"content":{"rendered":"","protected":false},"excerpt":{"rendered":"<p>T\u00e1bua de corte em bambu e m\u00e1rmore em formato retangular. Cont\u00e9m pega met\u00e1lica que facilita transporte e arruma\u00e7\u00e3o. Fornecido em caixa presente em papel kraft reciclado. Certifica\u00e7\u00e3o EU Food Grade. A cor e o resultado da impress\u00e3o nos materiais naturais pode variar entre produtos. 300 x 200 x 20 mm (sem pega)<\/p>\n<p>quantidade minima de 50 unidades<\/p>\n","protected":false},"featured_media":9128,"template":"","meta":[],"product_brand":[],"product_cat":[412],"product_tag":[],"class_list":{"0":"post-9127","1":"product","2":"type-product","3":"status-publish","4":"has-post-thumbnail","6":"product_cat-kits-churrasco","8":"first","9":"instock","10":"shipping-taxable","11":"product-type-simple"},"_links":{"self":[{"href":"https:\/\/promoalge.com.br\/index.php?rest_route=\/wp\/v2\/product\/9127","targetHints":{"allow":["GET"]}}],"collection":[{"href":"https:\/\/promoalge.com.br\/index.php?rest_route=\/wp\/v2\/product"}],"about":[{"href":"https:\/\/promoalge.com.br\/index.php?rest_route=\/wp\/v2\/types\/product"}],"wp:featuredmedia":[{"embeddable":true,"href":"https:\/\/promoalge.com.br\/index.php?rest_route=\/wp\/v2\/media\/9128"}],"wp:attachment":[{"href":"https:\/\/promoalge.com.br\/index.php?rest_route=%2Fwp%2Fv2%2Fmedia&parent=9127"}],"wp:term":[{"taxonomy":"product_brand","embeddable":true,"href":"https:\/\/promoalge.com.br\/index.php?rest_route=%2Fwp%2Fv2%2Fproduct_brand&post=9127"},{"taxonomy":"product_cat","embeddable":true,"href":"https:\/\/promoalge.com.br\/index.php?rest_route=%2Fwp%2Fv2%2Fproduct_cat&post=9127"},{"taxonomy":"product_tag","embeddable":true,"href":"https:\/\/promoalge.com.br\/index.php?rest_route=%2Fwp%2Fv2%2Fproduct_tag&post=9127"}],"curies":[{"name":"wp","href":"https:\/\/api.w.org\/{rel}","templated":true}]}}