{"id":9129,"date":"2024-11-12T15:44:25","date_gmt":"2024-11-12T18:44:25","guid":{"rendered":"https:\/\/promoalge.com.br\/?post_type=product&#038;p=9129"},"modified":"2024-11-13T20:23:22","modified_gmt":"2024-11-13T23:23:22","slug":"garrafa-de-plastico-94326","status":"publish","type":"product","link":"https:\/\/promoalge.com.br\/?product=garrafa-de-plastico-94326","title":{"rendered":"Squeeze &#8211; PR 94326"},"content":{"rendered":"","protected":false},"excerpt":{"rendered":"<p>Squeeze em rPET 100% reciclado e tampa em a\u00e7o inox, com pega em corda para facilitar o transporte. Capacidade at\u00e9 580 mL. Caixa branca 94656 vendida opcionalmente. Certifica\u00e7\u00e3o EU Food Grade. \u00f865 x 210 mm<\/p>\n<p>quantidade minima de 50 unidades<\/p>\n","protected":false},"featured_media":9130,"template":"","meta":[],"product_brand":[],"product_cat":[251],"product_tag":[],"class_list":{"0":"post-9129","1":"product","2":"type-product","3":"status-publish","4":"has-post-thumbnail","6":"product_cat-plastica-canecas-copos-garrafas","8":"first","9":"instock","10":"shipping-taxable","11":"product-type-simple"},"_links":{"self":[{"href":"https:\/\/promoalge.com.br\/index.php?rest_route=\/wp\/v2\/product\/9129","targetHints":{"allow":["GET"]}}],"collection":[{"href":"https:\/\/promoalge.com.br\/index.php?rest_route=\/wp\/v2\/product"}],"about":[{"href":"https:\/\/promoalge.com.br\/index.php?rest_route=\/wp\/v2\/types\/product"}],"wp:featuredmedia":[{"embeddable":true,"href":"https:\/\/promoalge.com.br\/index.php?rest_route=\/wp\/v2\/media\/9130"}],"wp:attachment":[{"href":"https:\/\/promoalge.com.br\/index.php?rest_route=%2Fwp%2Fv2%2Fmedia&parent=9129"}],"wp:term":[{"taxonomy":"product_brand","embeddable":true,"href":"https:\/\/promoalge.com.br\/index.php?rest_route=%2Fwp%2Fv2%2Fproduct_brand&post=9129"},{"taxonomy":"product_cat","embeddable":true,"href":"https:\/\/promoalge.com.br\/index.php?rest_route=%2Fwp%2Fv2%2Fproduct_cat&post=9129"},{"taxonomy":"product_tag","embeddable":true,"href":"https:\/\/promoalge.com.br\/index.php?rest_route=%2Fwp%2Fv2%2Fproduct_tag&post=9129"}],"curies":[{"name":"wp","href":"https:\/\/api.w.org\/{rel}","templated":true}]}}