{"id":9135,"date":"2024-11-12T15:52:44","date_gmt":"2024-11-12T18:52:44","guid":{"rendered":"https:\/\/promoalge.com.br\/?post_type=product&#038;p=9135"},"modified":"2024-11-13T20:22:52","modified_gmt":"2024-11-13T23:22:52","slug":"bolsa-termica-92184","status":"publish","type":"product","link":"https:\/\/promoalge.com.br\/?product=bolsa-termica-92184","title":{"rendered":"Bolsa Termica &#8211; PR 92184"},"content":{"rendered":"","protected":false},"excerpt":{"rendered":"<p>Bolsa t\u00e9rmica almofadada 600D ripstop em poli\u00e9ster reciclado (100% rPET). Composto por 1 compartimento principal espa\u00e7oso com fecho duplo e 2 bolsos laterais em tela mesh para pequenos objetos. O interior forrado em PEVA garante um bom isolamento t\u00e9rmico permitindo a conserva\u00e7\u00e3o do frio por mais tempo e a sua higieniza\u00e7\u00e3o. A robustez dos materiais que o comp\u00f5e conferem-lhe uma grande resist\u00eancia e durabilidade, pensado para as necessidades do dia a dia. Capacidade at\u00e9 11 L. Certifica\u00e7\u00e3o EU Food Grade. 260 x 290 x 160 mm<\/p>\n<p>quantidade minima de 50 unidades<\/p>\n","protected":false},"featured_media":9136,"template":"","meta":[],"product_brand":[],"product_cat":[79,414],"product_tag":[],"class_list":{"0":"post-9135","1":"product","2":"type-product","3":"status-publish","4":"has-post-thumbnail","6":"product_cat-bolsas-mochilas","7":"product_cat-praia-verao","9":"first","10":"instock","11":"shipping-taxable","12":"product-type-simple"},"_links":{"self":[{"href":"https:\/\/promoalge.com.br\/index.php?rest_route=\/wp\/v2\/product\/9135","targetHints":{"allow":["GET"]}}],"collection":[{"href":"https:\/\/promoalge.com.br\/index.php?rest_route=\/wp\/v2\/product"}],"about":[{"href":"https:\/\/promoalge.com.br\/index.php?rest_route=\/wp\/v2\/types\/product"}],"wp:featuredmedia":[{"embeddable":true,"href":"https:\/\/promoalge.com.br\/index.php?rest_route=\/wp\/v2\/media\/9136"}],"wp:attachment":[{"href":"https:\/\/promoalge.com.br\/index.php?rest_route=%2Fwp%2Fv2%2Fmedia&parent=9135"}],"wp:term":[{"taxonomy":"product_brand","embeddable":true,"href":"https:\/\/promoalge.com.br\/index.php?rest_route=%2Fwp%2Fv2%2Fproduct_brand&post=9135"},{"taxonomy":"product_cat","embeddable":true,"href":"https:\/\/promoalge.com.br\/index.php?rest_route=%2Fwp%2Fv2%2Fproduct_cat&post=9135"},{"taxonomy":"product_tag","embeddable":true,"href":"https:\/\/promoalge.com.br\/index.php?rest_route=%2Fwp%2Fv2%2Fproduct_tag&post=9135"}],"curies":[{"name":"wp","href":"https:\/\/api.w.org\/{rel}","templated":true}]}}