{"id":9166,"date":"2024-11-12T16:41:23","date_gmt":"2024-11-12T19:41:23","guid":{"rendered":"https:\/\/promoalge.com.br\/?post_type=product&#038;p=9166"},"modified":"2024-11-13T20:18:04","modified_gmt":"2024-11-13T23:18:04","slug":"caderno-de-capa-dura-pr-93286","status":"publish","type":"product","link":"https:\/\/promoalge.com.br\/?product=caderno-de-capa-dura-pr-93286","title":{"rendered":"Caderno de capa dura &#8211; PR 93286"},"content":{"rendered":"","protected":false},"excerpt":{"rendered":"<p>Caderno A5 de capa dura em papel \u00e0 base de cana-de-a\u00e7\u00facar (80% polpa da cana-de-a\u00e7\u00facar). O interior cont\u00e9m 80 folhas pautadas em papel \u00e0 base de cana-de-a\u00e7\u00facar (80% polpa da cana-de-a\u00e7\u00facar) (90 g\/m\u00b2), fita separadora e el\u00e1stico para fecho do bloco. 147 x 216 mm<\/p>\n<p>quantidade minima de 50 unidades<\/p>\n","protected":false},"featured_media":9167,"template":"","meta":[],"product_brand":[],"product_cat":[409],"product_tag":[],"class_list":{"0":"post-9166","1":"product","2":"type-product","3":"status-publish","4":"has-post-thumbnail","6":"product_cat-escritorio","8":"first","9":"instock","10":"shipping-taxable","11":"product-type-simple"},"_links":{"self":[{"href":"https:\/\/promoalge.com.br\/index.php?rest_route=\/wp\/v2\/product\/9166","targetHints":{"allow":["GET"]}}],"collection":[{"href":"https:\/\/promoalge.com.br\/index.php?rest_route=\/wp\/v2\/product"}],"about":[{"href":"https:\/\/promoalge.com.br\/index.php?rest_route=\/wp\/v2\/types\/product"}],"wp:featuredmedia":[{"embeddable":true,"href":"https:\/\/promoalge.com.br\/index.php?rest_route=\/wp\/v2\/media\/9167"}],"wp:attachment":[{"href":"https:\/\/promoalge.com.br\/index.php?rest_route=%2Fwp%2Fv2%2Fmedia&parent=9166"}],"wp:term":[{"taxonomy":"product_brand","embeddable":true,"href":"https:\/\/promoalge.com.br\/index.php?rest_route=%2Fwp%2Fv2%2Fproduct_brand&post=9166"},{"taxonomy":"product_cat","embeddable":true,"href":"https:\/\/promoalge.com.br\/index.php?rest_route=%2Fwp%2Fv2%2Fproduct_cat&post=9166"},{"taxonomy":"product_tag","embeddable":true,"href":"https:\/\/promoalge.com.br\/index.php?rest_route=%2Fwp%2Fv2%2Fproduct_tag&post=9166"}],"curies":[{"name":"wp","href":"https:\/\/api.w.org\/{rel}","templated":true}]}}