{"id":9172,"date":"2024-11-12T16:49:37","date_gmt":"2024-11-12T19:49:37","guid":{"rendered":"https:\/\/promoalge.com.br\/?post_type=product&#038;p=9172"},"modified":"2024-11-12T16:49:37","modified_gmt":"2024-11-12T19:49:37","slug":"garrafa-termica-pr-94296","status":"publish","type":"product","link":"https:\/\/promoalge.com.br\/?product=garrafa-termica-pr-94296","title":{"rendered":"Garrafa termica &#8211; PR 94296"},"content":{"rendered":"","protected":false},"excerpt":{"rendered":"<p>Garrafa em a\u00e7o inox e bambu de parede dupla t\u00e9rmica, isolada a v\u00e1cuo. Capacidade at\u00e9 430 mL. A tampa cont\u00e9m um term\u00f4metro digital que permite saber, a qualquer momento, a temperatura da bebida (pilha inclusa). Incluso infusor para ch\u00e1. Certifica\u00e7\u00e3o EU Food Grade. A cor e o resultado da impress\u00e3o nos materiais naturais pode variar entre produtos. \u00f865 x 235 mm<\/p>\n<p>quantidade minima de 50 unidades<\/p>\n","protected":false},"featured_media":9173,"template":"","meta":[],"product_brand":[],"product_cat":[237,251],"product_tag":[],"class_list":{"0":"post-9172","1":"product","2":"type-product","3":"status-publish","4":"has-post-thumbnail","6":"product_cat-metalicas","7":"product_cat-plastica-canecas-copos-garrafas","9":"first","10":"instock","11":"shipping-taxable","12":"product-type-simple"},"_links":{"self":[{"href":"https:\/\/promoalge.com.br\/index.php?rest_route=\/wp\/v2\/product\/9172","targetHints":{"allow":["GET"]}}],"collection":[{"href":"https:\/\/promoalge.com.br\/index.php?rest_route=\/wp\/v2\/product"}],"about":[{"href":"https:\/\/promoalge.com.br\/index.php?rest_route=\/wp\/v2\/types\/product"}],"wp:featuredmedia":[{"embeddable":true,"href":"https:\/\/promoalge.com.br\/index.php?rest_route=\/wp\/v2\/media\/9173"}],"wp:attachment":[{"href":"https:\/\/promoalge.com.br\/index.php?rest_route=%2Fwp%2Fv2%2Fmedia&parent=9172"}],"wp:term":[{"taxonomy":"product_brand","embeddable":true,"href":"https:\/\/promoalge.com.br\/index.php?rest_route=%2Fwp%2Fv2%2Fproduct_brand&post=9172"},{"taxonomy":"product_cat","embeddable":true,"href":"https:\/\/promoalge.com.br\/index.php?rest_route=%2Fwp%2Fv2%2Fproduct_cat&post=9172"},{"taxonomy":"product_tag","embeddable":true,"href":"https:\/\/promoalge.com.br\/index.php?rest_route=%2Fwp%2Fv2%2Fproduct_tag&post=9172"}],"curies":[{"name":"wp","href":"https:\/\/api.w.org\/{rel}","templated":true}]}}