{"id":9186,"date":"2024-11-12T17:10:37","date_gmt":"2024-11-12T20:10:37","guid":{"rendered":"https:\/\/promoalge.com.br\/?post_type=product&#038;p=9186"},"modified":"2024-11-13T20:15:43","modified_gmt":"2024-11-13T23:15:43","slug":"chaveiro-em-formato-de-osso-pr-95079","status":"publish","type":"product","link":"https:\/\/promoalge.com.br\/?product=chaveiro-em-formato-de-osso-pr-95079","title":{"rendered":"Chaveiro em formato de osso &#8211; PR 95079"},"content":{"rendered":"","protected":false},"excerpt":{"rendered":"<p>Chaveiro em formato de osso com linha colorida \u00e0 volta. Ideal para identificar o seu animal de estima\u00e7\u00e3o. 60 x 40 x 2 mm <\/p>\n<p>quantidade minima de 50 unidades<\/p>\n","protected":false},"featured_media":9187,"template":"","meta":[],"product_brand":[],"product_cat":[406],"product_tag":[],"class_list":{"0":"post-9186","1":"product","2":"type-product","3":"status-publish","4":"has-post-thumbnail","6":"product_cat-chaveiros","8":"first","9":"instock","10":"shipping-taxable","11":"product-type-simple"},"_links":{"self":[{"href":"https:\/\/promoalge.com.br\/index.php?rest_route=\/wp\/v2\/product\/9186","targetHints":{"allow":["GET"]}}],"collection":[{"href":"https:\/\/promoalge.com.br\/index.php?rest_route=\/wp\/v2\/product"}],"about":[{"href":"https:\/\/promoalge.com.br\/index.php?rest_route=\/wp\/v2\/types\/product"}],"wp:featuredmedia":[{"embeddable":true,"href":"https:\/\/promoalge.com.br\/index.php?rest_route=\/wp\/v2\/media\/9187"}],"wp:attachment":[{"href":"https:\/\/promoalge.com.br\/index.php?rest_route=%2Fwp%2Fv2%2Fmedia&parent=9186"}],"wp:term":[{"taxonomy":"product_brand","embeddable":true,"href":"https:\/\/promoalge.com.br\/index.php?rest_route=%2Fwp%2Fv2%2Fproduct_brand&post=9186"},{"taxonomy":"product_cat","embeddable":true,"href":"https:\/\/promoalge.com.br\/index.php?rest_route=%2Fwp%2Fv2%2Fproduct_cat&post=9186"},{"taxonomy":"product_tag","embeddable":true,"href":"https:\/\/promoalge.com.br\/index.php?rest_route=%2Fwp%2Fv2%2Fproduct_tag&post=9186"}],"curies":[{"name":"wp","href":"https:\/\/api.w.org\/{rel}","templated":true}]}}