{"id":9239,"date":"2024-11-19T14:11:02","date_gmt":"2024-11-19T17:11:02","guid":{"rendered":"https:\/\/promoalge.com.br\/?post_type=product&#038;p=9239"},"modified":"2024-11-19T14:11:02","modified_gmt":"2024-11-19T17:11:02","slug":"caixa-cilindrica-de-lapis-de-cor-pr-51752","status":"publish","type":"product","link":"https:\/\/promoalge.com.br\/?product=caixa-cilindrica-de-lapis-de-cor-pr-51752","title":{"rendered":"Caixa cil\u00edndrica de l\u00e1pis de cor &#8211; PR 51752"},"content":{"rendered":"","protected":false},"excerpt":{"rendered":"<p>Caixa cil\u00edndrica em cart\u00e3o com 12 l\u00e1pis de cor para pintar. Produto certificado de acordo com a portaria Inmetro n\u00ba423 de 8\/out\/2021. \u00f835 x 97 mm<\/p>\n<p>Quantidade minima de 50 unidades<\/p>\n","protected":false},"featured_media":9240,"template":"","meta":[],"product_brand":[],"product_cat":[353,407],"product_tag":[],"class_list":{"0":"post-9239","1":"product","2":"type-product","3":"status-publish","4":"has-post-thumbnail","6":"product_cat-diversos","7":"product_cat-conjuntos","9":"first","10":"instock","11":"shipping-taxable","12":"product-type-simple"},"_links":{"self":[{"href":"https:\/\/promoalge.com.br\/index.php?rest_route=\/wp\/v2\/product\/9239","targetHints":{"allow":["GET"]}}],"collection":[{"href":"https:\/\/promoalge.com.br\/index.php?rest_route=\/wp\/v2\/product"}],"about":[{"href":"https:\/\/promoalge.com.br\/index.php?rest_route=\/wp\/v2\/types\/product"}],"wp:featuredmedia":[{"embeddable":true,"href":"https:\/\/promoalge.com.br\/index.php?rest_route=\/wp\/v2\/media\/9240"}],"wp:attachment":[{"href":"https:\/\/promoalge.com.br\/index.php?rest_route=%2Fwp%2Fv2%2Fmedia&parent=9239"}],"wp:term":[{"taxonomy":"product_brand","embeddable":true,"href":"https:\/\/promoalge.com.br\/index.php?rest_route=%2Fwp%2Fv2%2Fproduct_brand&post=9239"},{"taxonomy":"product_cat","embeddable":true,"href":"https:\/\/promoalge.com.br\/index.php?rest_route=%2Fwp%2Fv2%2Fproduct_cat&post=9239"},{"taxonomy":"product_tag","embeddable":true,"href":"https:\/\/promoalge.com.br\/index.php?rest_route=%2Fwp%2Fv2%2Fproduct_tag&post=9239"}],"curies":[{"name":"wp","href":"https:\/\/api.w.org\/{rel}","templated":true}]}}