{"id":9304,"date":"2024-11-19T15:24:16","date_gmt":"2024-11-19T18:24:16","guid":{"rendered":"https:\/\/promoalge.com.br\/?post_type=product&#038;p=9304"},"modified":"2024-11-19T15:24:16","modified_gmt":"2024-11-19T18:24:16","slug":"caneta-metal-touch-pr-08132","status":"publish","type":"product","link":"https:\/\/promoalge.com.br\/?product=caneta-metal-touch-pr-08132","title":{"rendered":"Caneta metal touch &#8211; PR 08132"},"content":{"rendered":"","protected":false},"excerpt":{"rendered":"<p>Descri\u00e7\u00e3o: Conforto e fluidez ao seu alcance! Nossa caneta met\u00e1lica touch \u00e9 perfeita para os dias repletos de anota\u00e7\u00f5es. Possui carga esferogr\u00e1fica na cor azul, acionamento por clique, al\u00e9m de uma ponta touch para utiliz\u00e1-la em dispositivos eletr\u00f4nicos sem tocar diretamente na tela, evitando manchas indesejadas, e acabamento em bambu, proporcionando uma experi\u00eancia de escrita precisa e um toque sustent\u00e1vel.  <\/p>\n<p>Altura :  14,5 cm<\/p>\n<p>Largura :  1,4 cm<\/p>\n<p>Quantidade minima de 50 unidades<\/p>\n","protected":false},"featured_media":9305,"template":"","meta":[],"product_brand":[],"product_cat":[346],"product_tag":[],"class_list":{"0":"post-9304","1":"product","2":"type-product","3":"status-publish","4":"has-post-thumbnail","6":"product_cat-canetas-metalicas","8":"first","9":"instock","10":"shipping-taxable","11":"product-type-simple"},"_links":{"self":[{"href":"https:\/\/promoalge.com.br\/index.php?rest_route=\/wp\/v2\/product\/9304","targetHints":{"allow":["GET"]}}],"collection":[{"href":"https:\/\/promoalge.com.br\/index.php?rest_route=\/wp\/v2\/product"}],"about":[{"href":"https:\/\/promoalge.com.br\/index.php?rest_route=\/wp\/v2\/types\/product"}],"wp:featuredmedia":[{"embeddable":true,"href":"https:\/\/promoalge.com.br\/index.php?rest_route=\/wp\/v2\/media\/9305"}],"wp:attachment":[{"href":"https:\/\/promoalge.com.br\/index.php?rest_route=%2Fwp%2Fv2%2Fmedia&parent=9304"}],"wp:term":[{"taxonomy":"product_brand","embeddable":true,"href":"https:\/\/promoalge.com.br\/index.php?rest_route=%2Fwp%2Fv2%2Fproduct_brand&post=9304"},{"taxonomy":"product_cat","embeddable":true,"href":"https:\/\/promoalge.com.br\/index.php?rest_route=%2Fwp%2Fv2%2Fproduct_cat&post=9304"},{"taxonomy":"product_tag","embeddable":true,"href":"https:\/\/promoalge.com.br\/index.php?rest_route=%2Fwp%2Fv2%2Fproduct_tag&post=9304"}],"curies":[{"name":"wp","href":"https:\/\/api.w.org\/{rel}","templated":true}]}}