{"id":9373,"date":"2024-12-10T14:20:45","date_gmt":"2024-12-10T17:20:45","guid":{"rendered":"https:\/\/promoalge.com.br\/?post_type=product&#038;p=9373"},"modified":"2024-12-10T14:20:45","modified_gmt":"2024-12-10T17:20:45","slug":"caderno-a5-poliester-pr-06100","status":"publish","type":"product","link":"https:\/\/promoalge.com.br\/?product=caderno-a5-poliester-pr-06100","title":{"rendered":"Caderno A5 Poli\u00e9ster &#8211; PR 06100"},"content":{"rendered":"","protected":false},"excerpt":{"rendered":"<p>Descri\u00e7\u00e3o: Elegante e funcional, este caderno feito em pol\u00ed\u00e9ster e rPET foi projetado para quem valoriza qualidade e praticidade. Cont\u00e9m aproximadamente 96 folhas brancas pautadas, perfeitas para anota\u00e7\u00f5es di\u00e1rias ou ideias importantes. Com um marcador de p\u00e1gina em cetim, el\u00e1stico para fechamento seguro e porta-caneta lateral, \u00e9 o companheiro ideal para manter suas anota\u00e7\u00f5es organizadas e acess\u00edveis. Ideal para uso profissional, acad\u00eamico ou pessoal, este caderno combina um acabamento refinado com a praticidade necess\u00e1ria para o dia a dia.<\/p>\n<p>Altura :  21 cm<\/p>\n<p>Largura :  14,2 cm<\/p>\n<p>Espessura :  1,5 cm<\/p>\n<p>Quantidade minima de 50 unidades<\/p>\n","protected":false},"featured_media":9374,"template":"","meta":[],"product_brand":[],"product_cat":[409],"product_tag":[],"class_list":{"0":"post-9373","1":"product","2":"type-product","3":"status-publish","4":"has-post-thumbnail","6":"product_cat-escritorio","8":"first","9":"instock","10":"shipping-taxable","11":"product-type-simple"},"_links":{"self":[{"href":"https:\/\/promoalge.com.br\/index.php?rest_route=\/wp\/v2\/product\/9373","targetHints":{"allow":["GET"]}}],"collection":[{"href":"https:\/\/promoalge.com.br\/index.php?rest_route=\/wp\/v2\/product"}],"about":[{"href":"https:\/\/promoalge.com.br\/index.php?rest_route=\/wp\/v2\/types\/product"}],"wp:featuredmedia":[{"embeddable":true,"href":"https:\/\/promoalge.com.br\/index.php?rest_route=\/wp\/v2\/media\/9374"}],"wp:attachment":[{"href":"https:\/\/promoalge.com.br\/index.php?rest_route=%2Fwp%2Fv2%2Fmedia&parent=9373"}],"wp:term":[{"taxonomy":"product_brand","embeddable":true,"href":"https:\/\/promoalge.com.br\/index.php?rest_route=%2Fwp%2Fv2%2Fproduct_brand&post=9373"},{"taxonomy":"product_cat","embeddable":true,"href":"https:\/\/promoalge.com.br\/index.php?rest_route=%2Fwp%2Fv2%2Fproduct_cat&post=9373"},{"taxonomy":"product_tag","embeddable":true,"href":"https:\/\/promoalge.com.br\/index.php?rest_route=%2Fwp%2Fv2%2Fproduct_tag&post=9373"}],"curies":[{"name":"wp","href":"https:\/\/api.w.org\/{rel}","templated":true}]}}