{"id":9450,"date":"2024-12-13T15:58:23","date_gmt":"2024-12-13T18:58:23","guid":{"rendered":"http:\/\/promoalge.com.br\/?post_type=product&#038;p=9450"},"modified":"2024-12-13T15:58:23","modified_gmt":"2024-12-13T18:58:23","slug":"copo-plastico-350ml-pr-3006t","status":"publish","type":"product","link":"https:\/\/promoalge.com.br\/?product=copo-plastico-350ml-pr-3006t","title":{"rendered":"Copo Pl\u00e1stico 350ml &#8211; PR 3006t"},"content":{"rendered":"","protected":false},"excerpt":{"rendered":"<p>Descri\u00e7\u00e3o: Copo de pl\u00e1stico polipropileno com capacidade para 350ml livre BPA, parede dupla. Acompanha tampa rosque\u00e1vel e al\u00e7a de nylon para transporte.<\/p>\n<p>Altura :  16,6 cm<\/p>\n<p>Largura :  7,8 cm<\/p>\n<p>Circunfer\u00eancia :  22,2 cm<\/p>\n<p>Quantidade minima de 50 unidades<\/p>\n","protected":false},"featured_media":9451,"template":"","meta":[],"product_brand":[],"product_cat":[251],"product_tag":[],"class_list":{"0":"post-9450","1":"product","2":"type-product","3":"status-publish","4":"has-post-thumbnail","6":"product_cat-plastica-canecas-copos-garrafas","8":"first","9":"instock","10":"shipping-taxable","11":"product-type-simple"},"_links":{"self":[{"href":"https:\/\/promoalge.com.br\/index.php?rest_route=\/wp\/v2\/product\/9450","targetHints":{"allow":["GET"]}}],"collection":[{"href":"https:\/\/promoalge.com.br\/index.php?rest_route=\/wp\/v2\/product"}],"about":[{"href":"https:\/\/promoalge.com.br\/index.php?rest_route=\/wp\/v2\/types\/product"}],"wp:featuredmedia":[{"embeddable":true,"href":"https:\/\/promoalge.com.br\/index.php?rest_route=\/wp\/v2\/media\/9451"}],"wp:attachment":[{"href":"https:\/\/promoalge.com.br\/index.php?rest_route=%2Fwp%2Fv2%2Fmedia&parent=9450"}],"wp:term":[{"taxonomy":"product_brand","embeddable":true,"href":"https:\/\/promoalge.com.br\/index.php?rest_route=%2Fwp%2Fv2%2Fproduct_brand&post=9450"},{"taxonomy":"product_cat","embeddable":true,"href":"https:\/\/promoalge.com.br\/index.php?rest_route=%2Fwp%2Fv2%2Fproduct_cat&post=9450"},{"taxonomy":"product_tag","embeddable":true,"href":"https:\/\/promoalge.com.br\/index.php?rest_route=%2Fwp%2Fv2%2Fproduct_tag&post=9450"}],"curies":[{"name":"wp","href":"https:\/\/api.w.org\/{rel}","templated":true}]}}