{"id":9457,"date":"2024-12-17T12:52:35","date_gmt":"2024-12-17T15:52:35","guid":{"rendered":"https:\/\/promoalge.com.br\/?post_type=product&#038;p=9457"},"modified":"2024-12-17T12:52:35","modified_gmt":"2024-12-17T15:52:35","slug":"chapeu-de-palha-pr-05050","status":"publish","type":"product","link":"https:\/\/promoalge.com.br\/?product=chapeu-de-palha-pr-05050","title":{"rendered":"Chap\u00e9u de Palha &#8211; PR 05050"},"content":{"rendered":"","protected":false},"excerpt":{"rendered":"<p>Descri\u00e7\u00e3o: Chap\u00e9u de palha com aba levemente ondulada e faixa de poli\u00e9ster fixa, feito em tamanho \u00fanico com ajuste interno.<\/p>\n<p>Altura :  9 cm<\/p>\n<p>Circunfer\u00eancia :  Cabe\u00e7a 56 cm<\/p>\n<p>Comprimento :  Total aba 35 cm<\/p>\n<p>Quantidade minima de 50 unidades<\/p>\n","protected":false},"featured_media":9458,"template":"","meta":[],"product_brand":[],"product_cat":[93],"product_tag":[],"class_list":{"0":"post-9457","1":"product","2":"type-product","3":"status-publish","4":"has-post-thumbnail","6":"product_cat-bones-viseiras","8":"first","9":"instock","10":"shipping-taxable","11":"product-type-simple"},"_links":{"self":[{"href":"https:\/\/promoalge.com.br\/index.php?rest_route=\/wp\/v2\/product\/9457","targetHints":{"allow":["GET"]}}],"collection":[{"href":"https:\/\/promoalge.com.br\/index.php?rest_route=\/wp\/v2\/product"}],"about":[{"href":"https:\/\/promoalge.com.br\/index.php?rest_route=\/wp\/v2\/types\/product"}],"wp:featuredmedia":[{"embeddable":true,"href":"https:\/\/promoalge.com.br\/index.php?rest_route=\/wp\/v2\/media\/9458"}],"wp:attachment":[{"href":"https:\/\/promoalge.com.br\/index.php?rest_route=%2Fwp%2Fv2%2Fmedia&parent=9457"}],"wp:term":[{"taxonomy":"product_brand","embeddable":true,"href":"https:\/\/promoalge.com.br\/index.php?rest_route=%2Fwp%2Fv2%2Fproduct_brand&post=9457"},{"taxonomy":"product_cat","embeddable":true,"href":"https:\/\/promoalge.com.br\/index.php?rest_route=%2Fwp%2Fv2%2Fproduct_cat&post=9457"},{"taxonomy":"product_tag","embeddable":true,"href":"https:\/\/promoalge.com.br\/index.php?rest_route=%2Fwp%2Fv2%2Fproduct_tag&post=9457"}],"curies":[{"name":"wp","href":"https:\/\/api.w.org\/{rel}","templated":true}]}}