{"id":9532,"date":"2025-01-21T11:31:07","date_gmt":"2025-01-21T14:31:07","guid":{"rendered":"https:\/\/promoalge.com.br\/?post_type=product&#038;p=9532"},"modified":"2025-01-27T12:22:18","modified_gmt":"2025-01-27T15:22:18","slug":"kit-churrasco-3-pecas-pr-18891","status":"publish","type":"product","link":"https:\/\/promoalge.com.br\/?product=kit-churrasco-3-pecas-pr-18891","title":{"rendered":"Kit Churrasco 3 Pe\u00e7as &#8211; PR 18891"},"content":{"rendered":"","protected":false},"excerpt":{"rendered":"<p>Descri\u00e7\u00e3o: O kit essencial para um churrasco perfeito! Composto por uma faca de 8 polegadas, garfo e pegador, este kit combina praticidade e qualidade em um s\u00f3 conjunto. As pe\u00e7as, feitas em a\u00e7o inoxid\u00e1vel, possuem pegadores de madeira que conferem um toque r\u00fastico e elegante. Acomodadas em um estojo de nylon com al\u00e7a, o kit \u00e9 f\u00e1cil de transportar para qualquer lugar. E para torn\u00e1-lo ainda mais especial, acompanha uma plaquinha met\u00e1lica personaliz\u00e1vel com verso autoadesivo, garantindo exclusividade ao conjunto.<\/p>\n<p>Largura :  8,9 cm<\/p>\n<p>Profundidade :  4,1 cm<\/p>\n<p>Comprimento :  37,6 cm<\/p>\n<p>Quantidade minima de 50 unidades<\/p>\n","protected":false},"featured_media":9533,"template":"","meta":[],"product_brand":[],"product_cat":[412],"product_tag":[],"class_list":{"0":"post-9532","1":"product","2":"type-product","3":"status-publish","4":"has-post-thumbnail","6":"product_cat-kits-churrasco","8":"first","9":"instock","10":"shipping-taxable","11":"product-type-simple"},"_links":{"self":[{"href":"https:\/\/promoalge.com.br\/index.php?rest_route=\/wp\/v2\/product\/9532","targetHints":{"allow":["GET"]}}],"collection":[{"href":"https:\/\/promoalge.com.br\/index.php?rest_route=\/wp\/v2\/product"}],"about":[{"href":"https:\/\/promoalge.com.br\/index.php?rest_route=\/wp\/v2\/types\/product"}],"wp:featuredmedia":[{"embeddable":true,"href":"https:\/\/promoalge.com.br\/index.php?rest_route=\/wp\/v2\/media\/9533"}],"wp:attachment":[{"href":"https:\/\/promoalge.com.br\/index.php?rest_route=%2Fwp%2Fv2%2Fmedia&parent=9532"}],"wp:term":[{"taxonomy":"product_brand","embeddable":true,"href":"https:\/\/promoalge.com.br\/index.php?rest_route=%2Fwp%2Fv2%2Fproduct_brand&post=9532"},{"taxonomy":"product_cat","embeddable":true,"href":"https:\/\/promoalge.com.br\/index.php?rest_route=%2Fwp%2Fv2%2Fproduct_cat&post=9532"},{"taxonomy":"product_tag","embeddable":true,"href":"https:\/\/promoalge.com.br\/index.php?rest_route=%2Fwp%2Fv2%2Fproduct_tag&post=9532"}],"curies":[{"name":"wp","href":"https:\/\/api.w.org\/{rel}","templated":true}]}}