{"id":9632,"date":"2025-01-21T14:16:55","date_gmt":"2025-01-21T17:16:55","guid":{"rendered":"https:\/\/promoalge.com.br\/?post_type=product&#038;p=9632"},"modified":"2025-02-13T14:54:44","modified_gmt":"2025-02-13T17:54:44","slug":"kit-office-pr-kt9043y","status":"publish","type":"product","link":"https:\/\/promoalge.com.br\/?product=kit-office-pr-kt9043y","title":{"rendered":"Kit Office &#8211; PR KT9043Y"},"content":{"rendered":"","protected":false},"excerpt":{"rendered":"<p>Kit boas vindas. Conta com mochila sacola preta em nylon 210D, caderno para anota\u00e7\u00f5es cinza com capa dura, garrafa transparente em PET, fone de ouvido e caneta esferogr\u00e1fica em ABS prata.<\/p>\n<p>Quantidade minima de 50 unidades<\/p>\n","protected":false},"featured_media":9633,"template":"","meta":[],"product_brand":[],"product_cat":[409,407],"product_tag":[],"class_list":{"0":"post-9632","1":"product","2":"type-product","3":"status-publish","4":"has-post-thumbnail","6":"product_cat-escritorio","7":"product_cat-conjuntos","9":"first","10":"instock","11":"shipping-taxable","12":"product-type-simple"},"_links":{"self":[{"href":"https:\/\/promoalge.com.br\/index.php?rest_route=\/wp\/v2\/product\/9632","targetHints":{"allow":["GET"]}}],"collection":[{"href":"https:\/\/promoalge.com.br\/index.php?rest_route=\/wp\/v2\/product"}],"about":[{"href":"https:\/\/promoalge.com.br\/index.php?rest_route=\/wp\/v2\/types\/product"}],"wp:featuredmedia":[{"embeddable":true,"href":"https:\/\/promoalge.com.br\/index.php?rest_route=\/wp\/v2\/media\/9633"}],"wp:attachment":[{"href":"https:\/\/promoalge.com.br\/index.php?rest_route=%2Fwp%2Fv2%2Fmedia&parent=9632"}],"wp:term":[{"taxonomy":"product_brand","embeddable":true,"href":"https:\/\/promoalge.com.br\/index.php?rest_route=%2Fwp%2Fv2%2Fproduct_brand&post=9632"},{"taxonomy":"product_cat","embeddable":true,"href":"https:\/\/promoalge.com.br\/index.php?rest_route=%2Fwp%2Fv2%2Fproduct_cat&post=9632"},{"taxonomy":"product_tag","embeddable":true,"href":"https:\/\/promoalge.com.br\/index.php?rest_route=%2Fwp%2Fv2%2Fproduct_tag&post=9632"}],"curies":[{"name":"wp","href":"https:\/\/api.w.org\/{rel}","templated":true}]}}