{"id":9653,"date":"2025-02-13T16:47:02","date_gmt":"2025-02-13T19:47:02","guid":{"rendered":"https:\/\/promoalge.com.br\/?post_type=product&#038;p=9653"},"modified":"2025-02-13T16:47:03","modified_gmt":"2025-02-13T19:47:03","slug":"kit-para-churrasco-com-copo-termico-4-pcs-pr-90299","status":"publish","type":"product","link":"https:\/\/promoalge.com.br\/?product=kit-para-churrasco-com-copo-termico-4-pcs-pr-90299","title":{"rendered":"Kit Para Churrasco Com Copo T\u00e9rmico &#8211; 4 P\u00e7s &#8211; PR 90299"},"content":{"rendered":"","protected":false},"excerpt":{"rendered":"<p>Kit para churrasco. Conta com t\u00e1bua em Bambu; Faca 7&#8243; e garfo em a\u00e7o Inox\/Madeira; copo em A\u00e7o Inox. T\u00e1bua confeccionada com tripla camada invertida, para dar maior durabilidade e n\u00e3o deformar com o passar do tempo. Como cortesia, na faca 7&#8243; fazemos uma grava\u00e7\u00e3o com os cortes do boi. Copo t\u00e9rmico com tampa 340ml. Tampa com \u00f3tima veda\u00e7\u00e3o e trava no bocal para melhor higiene. Tamb\u00e9m conta com dupla parede de inox, isolada a v\u00e1cuo.<\/p>\n<p>Quantidade minima de 50 unidades<\/p>\n","protected":false},"featured_media":9654,"template":"","meta":[],"product_brand":[],"product_cat":[412],"product_tag":[],"class_list":{"0":"post-9653","1":"product","2":"type-product","3":"status-publish","4":"has-post-thumbnail","6":"product_cat-kits-churrasco","8":"first","9":"instock","10":"shipping-taxable","11":"product-type-simple"},"_links":{"self":[{"href":"https:\/\/promoalge.com.br\/index.php?rest_route=\/wp\/v2\/product\/9653","targetHints":{"allow":["GET"]}}],"collection":[{"href":"https:\/\/promoalge.com.br\/index.php?rest_route=\/wp\/v2\/product"}],"about":[{"href":"https:\/\/promoalge.com.br\/index.php?rest_route=\/wp\/v2\/types\/product"}],"wp:featuredmedia":[{"embeddable":true,"href":"https:\/\/promoalge.com.br\/index.php?rest_route=\/wp\/v2\/media\/9654"}],"wp:attachment":[{"href":"https:\/\/promoalge.com.br\/index.php?rest_route=%2Fwp%2Fv2%2Fmedia&parent=9653"}],"wp:term":[{"taxonomy":"product_brand","embeddable":true,"href":"https:\/\/promoalge.com.br\/index.php?rest_route=%2Fwp%2Fv2%2Fproduct_brand&post=9653"},{"taxonomy":"product_cat","embeddable":true,"href":"https:\/\/promoalge.com.br\/index.php?rest_route=%2Fwp%2Fv2%2Fproduct_cat&post=9653"},{"taxonomy":"product_tag","embeddable":true,"href":"https:\/\/promoalge.com.br\/index.php?rest_route=%2Fwp%2Fv2%2Fproduct_tag&post=9653"}],"curies":[{"name":"wp","href":"https:\/\/api.w.org\/{rel}","templated":true}]}}